CRAN Package Check Results for Package pell

Last updated on 2024-04-21 11:57:07 CEST.

Flavor Version Tinstall Tcheck Ttotal Status Flags
r-devel-linux-x86_64-debian-clang 0.1.0 2.01 39.70 41.71 OK
r-devel-linux-x86_64-debian-gcc 0.1.0 2.14 31.24 33.38 OK
r-devel-linux-x86_64-fedora-clang 0.1.0 56.07 NOTE
r-devel-linux-x86_64-fedora-gcc 0.1.0 71.61 NOTE
r-prerel-macos-arm64 0.1.0 28.00 OK
r-prerel-windows-x86_64 0.1.0 3.00 56.00 59.00 OK
r-patched-linux-x86_64 0.1.0 2.65 39.04 41.69 OK
r-release-linux-x86_64 0.1.0 2.84 37.88 40.72 OK
r-release-macos-arm64 0.1.0 28.00 OK
r-release-macos-x86_64 0.1.0 42.00 OK
r-release-windows-x86_64 0.1.0 4.00 56.00 60.00 OK
r-oldrel-macos-arm64 0.1.0 24.00 OK
r-oldrel-windows-x86_64 0.1.0 5.00 62.00 67.00 OK

Check Details

Version: 0.1.0
Check: data for non-ASCII characters
Result: NOTE Note: found 6 marked UTF-8 strings Flavors: r-devel-linux-x86_64-fedora-clang, r-devel-linux-x86_64-fedora-gcc