CRAN Package Check Results for Package penPHcure

Last updated on 2022-01-20 23:52:23 CET.

Flavor Version Tinstall Tcheck Ttotal Status Flags
r-devel-linux-x86_64-debian-clang 1.0.2 OK
r-devel-linux-x86_64-debian-gcc 1.0.2 120.13 76.43 196.56 OK
r-devel-linux-x86_64-fedora-clang 1.0.2 373.63 NOTE
r-devel-linux-x86_64-fedora-gcc 1.0.2 333.00 OK
r-devel-windows-x86_64-new-UL 1.0.2 165.00 131.00 296.00 OK
r-devel-windows-x86_64-new-TK 1.0.2 OK
r-patched-linux-x86_64 1.0.2 146.17 88.28 234.45 OK
r-release-linux-x86_64 1.0.2 150.71 88.13 238.84 OK
r-release-macos-arm64 1.0.2 NOTE
r-release-macos-x86_64 1.0.2 NOTE
r-release-windows-ix86+x86_64 1.0.2 413.00 140.00 553.00 OK
r-oldrel-macos-x86_64 1.0.2 NOTE
r-oldrel-windows-ix86+x86_64 1.0.2 415.00 146.00 561.00 OK

Check Details

Version: 1.0.2
Check: installed package size
Result: NOTE
     installed size is 6.0Mb
     sub-directories of 1Mb or more:
     libs 5.8Mb
Flavors: r-devel-linux-x86_64-fedora-clang, r-release-macos-arm64, r-release-macos-x86_64, r-oldrel-macos-x86_64