CRAN Package Check Results for Package penalized

Last updated on 2021-12-04 14:52:09 CET.

Flavor Version Tinstall Tcheck Ttotal Status Flags
r-devel-linux-x86_64-debian-clang 0.9-51 89.49 125.12 214.61 OK
r-devel-linux-x86_64-debian-gcc 0.9-51 65.24 96.80 162.04 OK
r-devel-linux-x86_64-fedora-clang 0.9-51 287.52 NOTE
r-devel-linux-x86_64-fedora-gcc 0.9-51 264.56 OK
r-devel-windows-x86_64-new-UL 0.9-51 112.00 192.00 304.00 OK
r-devel-windows-x86_64-new-TK 0.9-51 OK
r-devel-windows-x86_64-old 0.9-51 112.00 120.00 232.00 OK
r-patched-linux-x86_64 0.9-51 77.92 115.80 193.72 OK
r-release-linux-x86_64 0.9-51 77.68 116.77 194.45 OK
r-release-macos-arm64 0.9-51 NOTE
r-release-macos-x86_64 0.9-51 NOTE
r-release-windows-ix86+x86_64 0.9-51 203.00 187.00 390.00 OK
r-oldrel-macos-x86_64 0.9-51 NOTE
r-oldrel-windows-ix86+x86_64 0.9-51 211.00 194.00 405.00 OK

Check Details

Version: 0.9-51
Check: installed package size
Result: NOTE
     installed size is 5.3Mb
     sub-directories of 1Mb or more:
     libs 4.4Mb
Flavors: r-devel-linux-x86_64-fedora-clang, r-release-macos-arm64, r-release-macos-x86_64, r-oldrel-macos-x86_64

Version: 0.9-51
Check: package dependencies
Result: NOTE
    Package suggested but not available for checking: ‘globaltest’
Flavor: r-release-macos-arm64