Last updated on 2022-05-17 09:52:40 CEST.
Flavor | Version | Tinstall | Tcheck | Ttotal | Status | Flags |
---|---|---|---|---|---|---|
r-devel-linux-x86_64-debian-clang | 2020.5.13 | 9.93 | 127.34 | 137.27 | OK | |
r-devel-linux-x86_64-debian-gcc | 2020.5.13 | 7.47 | 87.70 | 95.17 | OK | |
r-devel-linux-x86_64-fedora-clang | 2020.5.13 | 157.91 | OK | |||
r-devel-linux-x86_64-fedora-gcc | 2020.5.13 | 146.24 | OK | |||
r-devel-windows-x86_64 | 2020.5.13 | 75.00 | 131.00 | 206.00 | OK | |
r-patched-linux-x86_64 | 2020.5.13 | 9.10 | 110.50 | 119.60 | OK | |
r-release-linux-x86_64 | 2020.5.13 | 8.23 | 109.83 | 118.06 | OK | |
r-release-macos-arm64 | 2020.5.13 | 42.00 | NOTE | |||
r-release-macos-x86_64 | 2020.5.13 | 85.00 | OK | |||
r-release-windows-x86_64 | 2020.5.13 | 82.00 | 134.00 | 216.00 | OK | |
r-oldrel-macos-arm64 | 2020.5.13 | 55.00 | OK | |||
r-oldrel-macos-x86_64 | 2020.5.13 | 73.00 | OK | |||
r-oldrel-windows-ix86+x86_64 | 2020.5.13 | 25.00 | 197.00 | 222.00 | OK |
Version: 2020.5.13
Check: package dependencies
Result: NOTE
Package suggested but not available for checking: ‘jointseg’
Flavor: r-release-macos-arm64