CRAN Package Check Results for Package perccal

Last updated on 2022-05-26 11:52:16 CEST.

Flavor Version Tinstall Tcheck Ttotal Status Flags
r-devel-linux-x86_64-debian-clang 1.0 37.71 39.93 77.64 OK
r-devel-linux-x86_64-debian-gcc 1.0 30.58 34.10 64.68 OK
r-devel-linux-x86_64-fedora-clang 1.0 105.43 NOTE
r-devel-linux-x86_64-fedora-gcc 1.0 88.43 NOTE
r-devel-windows-x86_64 1.0 33.00 75.00 108.00 OK
r-patched-linux-x86_64 1.0 32.30 38.39 70.69 OK
r-release-linux-x86_64 1.0 OK
r-release-macos-arm64 1.0 30.00 OK
r-release-macos-x86_64 1.0 36.00 OK
r-release-windows-x86_64 1.0 36.00 76.00 112.00 OK
r-oldrel-macos-arm64 1.0 33.00 OK
r-oldrel-macos-x86_64 1.0 45.00 OK
r-oldrel-windows-ix86+x86_64 1.0 90.00 72.00 162.00 OK

Check Details

Version: 1.0
Check: compiled code
Result: NOTE
    File ‘perccal/libs/perccal.so’:
     Found no calls to: ‘R_registerRoutines’, ‘R_useDynamicSymbols’
    
    It is good practice to register native routines and to disable symbol
    search.
    
    See ‘Writing portable packages’ in the ‘Writing R Extensions’ manual.
Flavors: r-devel-linux-x86_64-fedora-clang, r-devel-linux-x86_64-fedora-gcc