CRAN Package Check Results for Package performanceEstimation

Last updated on 2022-09-30 16:51:12 CEST.

Flavor Version Tinstall Tcheck Ttotal Status Flags
r-devel-linux-x86_64-debian-clang 1.1.0 6.34 55.17 61.51 NOTE
r-devel-linux-x86_64-debian-gcc 1.1.0 5.40 41.20 46.60 NOTE
r-devel-linux-x86_64-fedora-clang 1.1.0 96.94 NOTE
r-devel-linux-x86_64-fedora-gcc 1.1.0 93.68 NOTE
r-devel-windows-x86_64 1.1.0 161.00 91.00 252.00 NOTE
r-patched-linux-x86_64 1.1.0 9.98 53.05 63.03 NOTE
r-release-linux-x86_64 1.1.0 7.24 52.56 59.80 NOTE
r-release-macos-arm64 1.1.0 22.00 NOTE
r-release-macos-x86_64 1.1.0 52.00 NOTE
r-release-windows-x86_64 1.1.0 384.00 94.00 478.00 NOTE
r-oldrel-macos-arm64 1.1.0 29.00 NOTE
r-oldrel-macos-x86_64 1.1.0 47.00 NOTE
r-oldrel-windows-ix86+x86_64 1.1.0 19.00 80.00 99.00 NOTE

Check Details

Version: 1.1.0
Check: package dependencies
Result: NOTE
    Package suggested but not available for checking: 'DMwR'
Flavors: r-devel-linux-x86_64-debian-clang, r-devel-linux-x86_64-debian-gcc, r-devel-linux-x86_64-fedora-clang, r-devel-linux-x86_64-fedora-gcc, r-devel-windows-x86_64, r-patched-linux-x86_64, r-release-linux-x86_64, r-release-macos-arm64, r-release-macos-x86_64, r-release-windows-x86_64

Version: 1.1.0
Check: LazyData
Result: NOTE
     'LazyData' is specified without a 'data' directory
Flavors: r-devel-linux-x86_64-debian-clang, r-devel-linux-x86_64-debian-gcc, r-devel-linux-x86_64-fedora-clang, r-devel-linux-x86_64-fedora-gcc, r-devel-windows-x86_64, r-patched-linux-x86_64, r-release-linux-x86_64, r-release-macos-arm64, r-release-macos-x86_64, r-release-windows-x86_64, r-oldrel-macos-arm64, r-oldrel-macos-x86_64, r-oldrel-windows-ix86+x86_64