CRAN Package Check Results for Package permGS

Last updated on 2022-01-22 21:53:52 CET.

Flavor Version Tinstall Tcheck Ttotal Status Flags
r-devel-linux-x86_64-debian-clang 0.2.5 9.15 88.97 98.12 NOTE
r-devel-linux-x86_64-debian-gcc 0.2.5 7.28 67.19 74.47 NOTE
r-devel-linux-x86_64-fedora-clang 0.2.5 117.13 NOTE
r-devel-linux-x86_64-fedora-gcc 0.2.5 106.13 NOTE
r-devel-windows-x86_64-new-UL 0.2.5 22.00 107.00 129.00 NOTE
r-devel-windows-x86_64-new-TK 0.2.5 NOTE
r-patched-linux-x86_64 0.2.5 6.66 85.33 91.99 NOTE
r-release-linux-x86_64 0.2.5 8.29 84.19 92.48 NOTE
r-release-macos-arm64 0.2.5 NOTE
r-release-macos-x86_64 0.2.5 NOTE
r-release-windows-ix86+x86_64 0.2.5 19.00 101.00 120.00 NOTE
r-oldrel-macos-x86_64 0.2.5 OK
r-oldrel-windows-ix86+x86_64 0.2.5 19.00 102.00 121.00 OK

Check Details

Version: 0.2.5
Check: LazyData
Result: NOTE
     'LazyData' is specified without a 'data' directory
Flavors: r-devel-linux-x86_64-debian-clang, r-devel-linux-x86_64-debian-gcc, r-devel-linux-x86_64-fedora-clang, r-devel-linux-x86_64-fedora-gcc, r-devel-windows-x86_64-new-UL, r-devel-windows-x86_64-new-TK, r-patched-linux-x86_64, r-release-linux-x86_64, r-release-macos-arm64, r-release-macos-x86_64, r-release-windows-ix86+x86_64