CRAN Package Check Results for Package personalized2part

Last updated on 2022-05-25 10:53:24 CEST.

Flavor Version Tinstall Tcheck Ttotal Status Flags
r-devel-linux-x86_64-debian-clang 0.0.1 87.58 155.63 243.21 NOTE
r-devel-linux-x86_64-debian-gcc 0.0.1 64.64 116.18 180.82 NOTE
r-devel-linux-x86_64-fedora-clang 0.0.1 311.00 NOTE
r-devel-linux-x86_64-fedora-gcc 0.0.1 279.30 NOTE
r-devel-windows-x86_64 0.0.1 129.00 176.00 305.00 NOTE
r-patched-linux-x86_64 0.0.1 75.75 148.28 224.03 NOTE
r-release-linux-x86_64 0.0.1 NOTE
r-release-macos-arm64 0.0.1 71.00 NOTE
r-release-macos-x86_64 0.0.1 125.00 NOTE
r-release-windows-x86_64 0.0.1 112.00 173.00 285.00 NOTE
r-oldrel-macos-arm64 0.0.1 82.00 NOTE
r-oldrel-macos-x86_64 0.0.1 140.00 NOTE
r-oldrel-windows-ix86+x86_64 0.0.1 200.00 214.00 414.00 NOTE

Check Details

Version: 0.0.1
Check: LazyData
Result: NOTE
     'LazyData' is specified without a 'data' directory
Flavors: r-devel-linux-x86_64-debian-clang, r-devel-linux-x86_64-debian-gcc, r-devel-linux-x86_64-fedora-clang, r-devel-linux-x86_64-fedora-gcc, r-devel-windows-x86_64, r-patched-linux-x86_64, r-release-linux-x86_64, r-release-macos-arm64, r-release-macos-x86_64, r-release-windows-x86_64, r-oldrel-macos-arm64, r-oldrel-macos-x86_64, r-oldrel-windows-ix86+x86_64

Version: 0.0.1
Check: installed package size
Result: NOTE
     installed size is 10.5Mb
     sub-directories of 1Mb or more:
     libs 10.2Mb
Flavors: r-devel-linux-x86_64-fedora-clang, r-release-macos-arm64, r-release-macos-x86_64, r-oldrel-macos-arm64, r-oldrel-macos-x86_64