CRAN Package Check Results for Package pharmaversesdtm

Last updated on 2024-04-16 05:14:39 CEST.

Flavor Version Tinstall Tcheck Ttotal Status Flags
r-devel-linux-x86_64-debian-clang 0.2.0 11.30 38.69 49.99 OK
r-devel-linux-x86_64-debian-gcc 0.2.0 11.48 32.87 44.35 OK
r-devel-linux-x86_64-fedora-clang 0.2.0 71.01 NOTE
r-devel-linux-x86_64-fedora-gcc 0.2.0 71.39 NOTE
r-prerel-macos-arm64 0.2.0 30.00 OK
r-prerel-windows-x86_64 0.2.0 21.00 63.00 84.00 OK
r-patched-linux-x86_64 0.2.0 12.29 39.32 51.61 OK
r-release-linux-x86_64 0.2.0 12.85 38.61 51.46 OK
r-release-macos-arm64 0.2.0 39.00 OK
r-release-macos-x86_64 0.2.0 99.00 OK
r-release-windows-x86_64 0.2.0 24.00 71.00 95.00 OK
r-oldrel-macos-arm64 0.2.0 39.00 OK
r-oldrel-windows-x86_64 0.2.0 31.00 75.00 106.00 OK

Check Details

Version: 0.2.0
Check: data for non-ASCII characters
Result: NOTE Note: found 3 marked UTF-8 strings Flavors: r-devel-linux-x86_64-fedora-clang, r-devel-linux-x86_64-fedora-gcc