CRAN Package Check Results for Package phase1PRMD

Last updated on 2022-05-18 11:52:37 CEST.

Flavor Version Tinstall Tcheck Ttotal Status Flags
r-devel-linux-x86_64-debian-clang 1.0.2 11.02 93.33 104.35 OK
r-devel-linux-x86_64-debian-gcc 1.0.2 6.42 68.89 75.31 OK
r-devel-linux-x86_64-fedora-clang 1.0.2 119.92 NOTE
r-devel-linux-x86_64-fedora-gcc 1.0.2 117.76 OK
r-devel-windows-x86_64 1.0.2 38.00 106.00 144.00 OK
r-patched-linux-x86_64 1.0.2 10.64 87.66 98.30 OK
r-release-linux-x86_64 1.0.2 7.81 86.30 94.11 OK
r-release-macos-arm64 1.0.2 41.00 OK
r-release-macos-x86_64 1.0.2 49.00 OK
r-release-windows-x86_64 1.0.2 41.00 106.00 147.00 OK
r-oldrel-macos-arm64 1.0.2 35.00 OK
r-oldrel-macos-x86_64 1.0.2 56.00 OK
r-oldrel-windows-ix86+x86_64 1.0.2 23.00 109.00 132.00 OK

Check Details

Version: 1.0.2
Check: Rd cross-references
Result: NOTE
    Undeclared package ‘phase1RMD’ in Rd xrefs
Flavor: r-devel-linux-x86_64-fedora-clang