Last updated on 2022-05-20 12:53:32 CEST.
Flavor | Version | Tinstall | Tcheck | Ttotal | Status | Flags |
---|---|---|---|---|---|---|
r-devel-linux-x86_64-debian-clang | 1.1.4 | 4.37 | 201.67 | 206.04 | NOTE | |
r-devel-linux-x86_64-debian-gcc | 1.1.4 | 3.91 | 148.13 | 152.04 | NOTE | |
r-devel-linux-x86_64-fedora-clang | 1.1.4 | 240.26 | NOTE | |||
r-devel-linux-x86_64-fedora-gcc | 1.1.4 | 239.95 | NOTE | |||
r-devel-windows-x86_64 | 1.1.4 | 31.00 | 238.00 | 269.00 | NOTE | |
r-patched-linux-x86_64 | 1.1.4 | 4.79 | 195.41 | 200.20 | NOTE | |
r-release-linux-x86_64 | 1.1.4 | 4.07 | 196.91 | 200.98 | NOTE | |
r-release-macos-arm64 | 1.1.4 | 104.00 | NOTE | |||
r-release-macos-x86_64 | 1.1.4 | 143.00 | NOTE | |||
r-release-windows-x86_64 | 1.1.4 | 36.00 | 249.00 | 285.00 | NOTE | |
r-oldrel-macos-arm64 | 1.1.4 | 108.00 | NOTE | |||
r-oldrel-macos-x86_64 | 1.1.4 | 1803.00 | NOTE | |||
r-oldrel-windows-ix86+x86_64 | 1.1.4 | 10.00 | 255.00 | 265.00 | NOTE |
Version: 1.1.4
Check: LazyData
Result: NOTE
'LazyData' is specified without a 'data' directory
Flavors: r-devel-linux-x86_64-debian-clang, r-devel-linux-x86_64-debian-gcc, r-devel-linux-x86_64-fedora-clang, r-devel-linux-x86_64-fedora-gcc, r-devel-windows-x86_64, r-patched-linux-x86_64, r-release-linux-x86_64, r-release-macos-arm64, r-release-macos-x86_64, r-release-windows-x86_64, r-oldrel-macos-arm64, r-oldrel-macos-x86_64, r-oldrel-windows-ix86+x86_64
Version: 1.1.4
Check: dependencies in R code
Result: NOTE
Namespaces in Imports field not imported from:
‘jsonlite’ ‘memoise’
All declared Imports should be used.
Flavors: r-devel-linux-x86_64-fedora-clang, r-devel-linux-x86_64-fedora-gcc, r-release-macos-arm64, r-release-macos-x86_64, r-oldrel-macos-arm64, r-oldrel-macos-x86_64