CRAN Package Check Results for Package photobiologyLEDs

Last updated on 2022-06-28 14:51:13 CEST.

Flavor Version Tinstall Tcheck Ttotal Status Flags
r-devel-linux-x86_64-debian-clang 0.5.0 4.91 50.72 55.63 OK
r-devel-linux-x86_64-debian-gcc 0.5.0 3.75 38.30 42.05 OK
r-devel-linux-x86_64-fedora-clang 0.5.0 76.45 NOTE
r-devel-linux-x86_64-fedora-gcc 0.5.0 75.77 OK
r-devel-windows-x86_64 0.5.0 47.00 82.00 129.00 OK
r-patched-linux-x86_64 0.5.0 4.53 49.05 53.58 OK
r-release-linux-x86_64 0.5.0 4.31 50.41 54.72 OK
r-release-macos-arm64 0.5.0 30.00 OK
r-release-macos-x86_64 0.5.0 39.00 OK
r-release-windows-x86_64 0.5.0 51.00 82.00 133.00 OK
r-oldrel-macos-arm64 0.5.0 28.00 OK
r-oldrel-macos-x86_64 0.5.0 48.00 OK
r-oldrel-windows-ix86+x86_64 0.5.0 11.00 70.00 81.00 OK

Check Details

Version: 0.5.0
Check: Rd cross-references
Result: NOTE
    Undeclared package ‘photobiologyLamps’ in Rd xrefs
Flavor: r-devel-linux-x86_64-fedora-clang