CRAN Package Check Results for Package phyloregion

Last updated on 2022-01-20 10:52:36 CET.

Flavor Version Tinstall Tcheck Ttotal Status Flags
r-devel-linux-x86_64-debian-clang 1.0.6 OK
r-devel-linux-x86_64-debian-gcc 1.0.6 32.50 311.39 343.89 OK
r-devel-linux-x86_64-fedora-clang 1.0.6 534.98 NOTE
r-devel-linux-x86_64-fedora-gcc 1.0.6 520.37 NOTE
r-devel-windows-x86_64-new-UL 1.0.6 133.00 418.00 551.00 OK
r-devel-windows-x86_64-new-TK 1.0.6 NOTE
r-patched-linux-x86_64 1.0.6 33.86 402.57 436.43 OK
r-release-linux-x86_64 1.0.6 29.95 404.19 434.14 OK
r-release-macos-arm64 1.0.6 NOTE
r-release-macos-x86_64 1.0.6 NOTE
r-release-windows-ix86+x86_64 1.0.6 80.00 457.00 537.00 OK
r-oldrel-macos-x86_64 1.0.6 NOTE
r-oldrel-windows-ix86+x86_64 1.0.6 82.00 475.00 557.00 OK

Check Details

Version: 1.0.6
Check: dependencies in R code
Result: NOTE
    Namespace in Imports field not imported from: ‘rgdal’
     All declared Imports should be used.
Flavors: r-devel-linux-x86_64-fedora-clang, r-devel-linux-x86_64-fedora-gcc, r-devel-windows-x86_64-new-TK, r-release-macos-arm64, r-release-macos-x86_64, r-oldrel-macos-x86_64

Version: 1.0.6
Check: Rd cross-references
Result: NOTE
    Undeclared package ‘picante’ in Rd xrefs
Flavor: r-devel-linux-x86_64-fedora-clang