CRAN Package Check Results for Package phyloseqGraphTest

Last updated on 2022-05-19 05:52:01 CEST.

Flavor Version Tinstall Tcheck Ttotal Status Flags
r-devel-linux-x86_64-debian-clang 0.1.0 35.00 296.24 331.24 NOTE
r-devel-linux-x86_64-debian-gcc 0.1.0 25.62 221.12 246.74 NOTE
r-devel-linux-x86_64-fedora-clang 0.1.0 404.39 NOTE
r-devel-linux-x86_64-fedora-gcc 0.1.0 388.01 NOTE
r-devel-windows-x86_64 0.1.0 50.00 269.00 319.00 NOTE
r-patched-linux-x86_64 0.1.0 30.42 281.39 311.81 NOTE
r-release-linux-x86_64 0.1.0 26.58 280.90 307.48 NOTE
r-release-macos-arm64 0.1.0 88.00 NOTE
r-release-macos-x86_64 0.1.0 174.00 NOTE
r-release-windows-x86_64 0.1.0 67.00 266.00 333.00 NOTE
r-oldrel-macos-arm64 0.1.0 126.00 NOTE
r-oldrel-macos-x86_64 0.1.0 169.00 NOTE
r-oldrel-windows-ix86+x86_64 0.1.0 64.00 278.00 342.00 NOTE

Check Details

Version: 0.1.0
Check: LazyData
Result: NOTE
     'LazyData' is specified without a 'data' directory
Flavors: r-devel-linux-x86_64-debian-clang, r-devel-linux-x86_64-debian-gcc, r-devel-linux-x86_64-fedora-clang, r-devel-linux-x86_64-fedora-gcc, r-devel-windows-x86_64, r-patched-linux-x86_64, r-release-linux-x86_64, r-release-macos-arm64, r-release-macos-x86_64, r-release-windows-x86_64, r-oldrel-macos-arm64, r-oldrel-macos-x86_64, r-oldrel-windows-ix86+x86_64

Version: 0.1.0
Check: dependencies in R code
Result: NOTE
    Namespace in Imports field not imported from: ‘intergraph’
     All declared Imports should be used.
Flavors: r-devel-linux-x86_64-fedora-clang, r-devel-linux-x86_64-fedora-gcc, r-release-macos-arm64, r-release-macos-x86_64, r-oldrel-macos-arm64, r-oldrel-macos-x86_64