CRAN Package Check Results for Package picasso

Last updated on 2022-05-16 13:50:22 CEST.

Flavor Version Tinstall Tcheck Ttotal Status Flags
r-devel-linux-x86_64-debian-clang 1.3.1 19.34 90.57 109.91 OK
r-devel-linux-x86_64-debian-gcc 1.3.1 15.92 67.45 83.37 OK
r-devel-linux-x86_64-fedora-clang 1.3.1 131.66 NOTE
r-devel-linux-x86_64-fedora-gcc 1.3.1 128.37 OK
r-devel-windows-x86_64 1.3.1 238.00 129.00 367.00 OK
r-patched-linux-x86_64 1.3.1 19.85 84.18 104.03 OK
r-release-linux-x86_64 1.3.1 19.49 84.71 104.20 OK
r-release-macos-arm64 1.3.1 40.00 NOTE
r-release-macos-x86_64 1.3.1 60.00 NOTE
r-release-windows-x86_64 1.3.1 199.00 123.00 322.00 OK
r-oldrel-macos-arm64 1.3.1 50.00 NOTE
r-oldrel-macos-x86_64 1.3.1 79.00 NOTE
r-oldrel-windows-ix86+x86_64 1.3.1 41.00 130.00 171.00 OK

Check Details

Version: 1.3.1
Check: installed package size
Result: NOTE
     installed size is 5.3Mb
     sub-directories of 1Mb or more:
     libs 4.2Mb
Flavors: r-devel-linux-x86_64-fedora-clang, r-release-macos-arm64, r-release-macos-x86_64, r-oldrel-macos-arm64, r-oldrel-macos-x86_64