CRAN Package Check Results for Package pimeta

Last updated on 2021-12-03 18:50:21 CET.

Flavor Version Tinstall Tcheck Ttotal Status Flags
r-devel-linux-x86_64-debian-clang 1.1.3 43.36 57.98 101.34 OK
r-devel-linux-x86_64-debian-gcc 1.1.3 31.55 43.31 74.86 OK
r-devel-linux-x86_64-fedora-clang 1.1.3 145.89 NOTE
r-devel-linux-x86_64-fedora-gcc 1.1.3 126.34 NOTE
r-devel-windows-x86_64-new-UL 1.1.3 51.00 119.00 170.00 OK
r-devel-windows-x86_64-new-TK 1.1.3 NOTE
r-devel-windows-x86_64-old 1.1.3 50.00 77.00 127.00 OK
r-patched-linux-x86_64 1.1.3 38.42 54.25 92.67 OK
r-release-linux-x86_64 1.1.3 40.47 54.18 94.65 OK
r-release-macos-arm64 1.1.3 NOTE
r-release-macos-x86_64 1.1.3 NOTE
r-release-windows-ix86+x86_64 1.1.3 90.00 115.00 205.00 OK
r-oldrel-macos-x86_64 1.1.3 NOTE
r-oldrel-windows-ix86+x86_64 1.1.3 89.00 111.00 200.00 OK

Check Details

Version: 1.1.3
Check: installed package size
Result: NOTE
     installed size is 10.5Mb
     sub-directories of 1Mb or more:
     libs 10.2Mb
Flavors: r-devel-linux-x86_64-fedora-clang, r-release-macos-arm64, r-release-macos-x86_64, r-oldrel-macos-x86_64

Version: 1.1.3
Check: dependencies in R code
Result: NOTE
    Namespace in Imports field not imported from: ‘utils’
     All declared Imports should be used.
Flavors: r-devel-linux-x86_64-fedora-clang, r-devel-linux-x86_64-fedora-gcc, r-devel-windows-x86_64-new-TK, r-release-macos-arm64, r-release-macos-x86_64, r-oldrel-macos-x86_64