Last updated on 2022-05-26 12:53:46 CEST.
Flavor | Version | Tinstall | Tcheck | Ttotal | Status | Flags |
---|---|---|---|---|---|---|
r-devel-linux-x86_64-debian-clang | 1.0.0 | 1.73 | 32.52 | 34.25 | NOTE | |
r-devel-linux-x86_64-debian-gcc | 1.0.0 | 2.18 | 28.36 | 30.54 | NOTE | |
r-devel-linux-x86_64-fedora-clang | 1.0.0 | 42.98 | NOTE | |||
r-devel-linux-x86_64-fedora-gcc | 1.0.0 | 32.12 | NOTE | |||
r-devel-windows-x86_64 | 1.0.0 | 18.00 | 51.00 | 69.00 | NOTE | |
r-patched-linux-x86_64 | 1.0.0 | 2.96 | 32.11 | 35.07 | NOTE | |
r-release-linux-x86_64 | 1.0.0 | NOTE | ||||
r-release-macos-arm64 | 1.0.0 | 16.00 | NOTE | |||
r-release-macos-x86_64 | 1.0.0 | 22.00 | NOTE | |||
r-release-windows-x86_64 | 1.0.0 | 19.00 | 50.00 | 69.00 | NOTE | |
r-oldrel-macos-arm64 | 1.0.0 | 21.00 | NOTE | |||
r-oldrel-macos-x86_64 | 1.0.0 | 25.00 | NOTE | |||
r-oldrel-windows-ix86+x86_64 | 1.0.0 | 7.00 | 41.00 | 48.00 | NOTE |
Version: 1.0.0
Check: LazyData
Result: NOTE
'LazyData' is specified without a 'data' directory
Flavors: r-devel-linux-x86_64-debian-clang, r-devel-linux-x86_64-debian-gcc, r-devel-linux-x86_64-fedora-clang, r-devel-linux-x86_64-fedora-gcc, r-devel-windows-x86_64, r-patched-linux-x86_64, r-release-linux-x86_64, r-release-macos-arm64, r-release-macos-x86_64, r-release-windows-x86_64, r-oldrel-macos-arm64, r-oldrel-macos-x86_64, r-oldrel-windows-ix86+x86_64