Last updated on 2022-05-19 06:58:24 CEST.
Flavor | Version | Tinstall | Tcheck | Ttotal | Status | Flags |
---|---|---|---|---|---|---|
r-devel-linux-x86_64-debian-clang | 1.6.2 | 3.30 | 58.33 | 61.63 | OK | |
r-devel-linux-x86_64-debian-gcc | 1.6.2 | 2.33 | 44.15 | 46.48 | OK | |
r-devel-linux-x86_64-fedora-clang | 1.6.2 | 73.79 | NOTE | |||
r-devel-linux-x86_64-fedora-gcc | 1.6.2 | 74.28 | OK | |||
r-devel-windows-x86_64 | 1.6.2 | 26.00 | 81.00 | 107.00 | OK | |
r-patched-linux-x86_64 | 1.6.2 | 4.03 | 55.18 | 59.21 | OK | |
r-release-linux-x86_64 | 1.6.2 | 2.79 | 56.14 | 58.93 | OK | |
r-release-macos-arm64 | 1.6.2 | 30.00 | OK | |||
r-release-macos-x86_64 | 1.6.2 | 43.00 | OK | |||
r-release-windows-x86_64 | 1.6.2 | 33.00 | 76.00 | 109.00 | OK | |
r-oldrel-macos-arm64 | 1.6.2 | 32.00 | OK | |||
r-oldrel-macos-x86_64 | 1.6.2 | 38.00 | OK | |||
r-oldrel-windows-ix86+x86_64 | 1.6.2 | 7.00 | 71.00 | 78.00 | OK |
Version: 1.6.2
Check: Rd cross-references
Result: NOTE
Undeclared package ‘exams’ in Rd xrefs
Flavor: r-devel-linux-x86_64-fedora-clang