Last updated on 2023-05-30 16:00:40 CEST.
Flavor | Version | Tinstall | Tcheck | Ttotal | Status | Flags |
---|---|---|---|---|---|---|
r-devel-linux-x86_64-debian-clang | 1.6.2 | 3.65 | 50.33 | 53.98 | OK | |
r-devel-linux-x86_64-debian-gcc | 1.6.2 | 2.57 | 38.35 | 40.92 | OK | |
r-devel-linux-x86_64-fedora-clang | 1.6.2 | 67.24 | NOTE | |||
r-devel-linux-x86_64-fedora-gcc | 1.6.2 | 74.57 | OK | |||
r-devel-windows-x86_64 | 1.6.2 | 3.00 | 62.00 | 65.00 | OK | |
r-patched-linux-x86_64 | 1.6.2 | 4.40 | 47.98 | 52.38 | OK | |
r-release-linux-x86_64 | 1.6.2 | 3.12 | 47.54 | 50.66 | OK | |
r-release-macos-arm64 | 1.6.2 | 29.00 | OK | |||
r-release-macos-x86_64 | 1.6.2 | 46.00 | OK | |||
r-release-windows-x86_64 | 1.6.2 | 6.00 | 67.00 | 73.00 | OK | |
r-oldrel-macos-arm64 | 1.6.2 | 29.00 | OK | |||
r-oldrel-macos-x86_64 | 1.6.2 | 43.00 | OK | |||
r-oldrel-windows-x86_64 | 1.6.2 | 5.00 | 66.00 | 71.00 | OK |
Version: 1.6.2
Check: Rd cross-references
Result: NOTE
Undeclared package ‘exams’ in Rd xrefs
Flavor: r-devel-linux-x86_64-fedora-clang