Last updated on 2022-05-27 19:54:02 CEST.
Flavor | Version | Tinstall | Tcheck | Ttotal | Status | Flags |
---|---|---|---|---|---|---|
r-devel-linux-x86_64-debian-clang | 2.4 | 19.99 | 99.78 | 119.77 | NOTE | |
r-devel-linux-x86_64-debian-gcc | 2.4 | 13.90 | 74.82 | 88.72 | NOTE | |
r-devel-linux-x86_64-fedora-clang | 2.4 | 142.55 | NOTE | |||
r-devel-linux-x86_64-fedora-gcc | 2.4 | 129.78 | NOTE | |||
r-devel-windows-x86_64 | 2.4 | 53.00 | 135.00 | 188.00 | NOTE | |
r-patched-linux-x86_64 | 2.4 | 15.72 | 93.33 | 109.05 | NOTE | |
r-release-linux-x86_64 | 2.4 | 17.30 | 95.41 | 112.71 | NOTE | |
r-release-macos-arm64 | 2.4 | 39.00 | NOTE | |||
r-release-macos-x86_64 | 2.4 | 69.00 | NOTE | |||
r-release-windows-x86_64 | 2.4 | 20.00 | 132.00 | 152.00 | NOTE | |
r-oldrel-macos-arm64 | 2.4 | 48.00 | NOTE | |||
r-oldrel-macos-x86_64 | 2.4 | 75.00 | NOTE | |||
r-oldrel-windows-ix86+x86_64 | 2.4 | 49.00 | 148.00 | 197.00 | NOTE |
Version: 2.4
Check: LazyData
Result: NOTE
'LazyData' is specified without a 'data' directory
Flavors: r-devel-linux-x86_64-debian-clang, r-devel-linux-x86_64-debian-gcc, r-devel-linux-x86_64-fedora-clang, r-devel-linux-x86_64-fedora-gcc, r-devel-windows-x86_64, r-patched-linux-x86_64, r-release-linux-x86_64, r-release-macos-arm64, r-release-macos-x86_64, r-release-windows-x86_64, r-oldrel-macos-arm64, r-oldrel-macos-x86_64, r-oldrel-windows-ix86+x86_64