Last updated on 2022-05-23 06:49:55 CEST.
Flavor | Version | Tinstall | Tcheck | Ttotal | Status | Flags |
---|---|---|---|---|---|---|
r-devel-linux-x86_64-debian-clang | 0.1.9 | 9.88 | 88.74 | 98.62 | NOTE | |
r-devel-linux-x86_64-debian-gcc | 0.1.9 | 7.95 | 64.56 | 72.51 | NOTE | |
r-devel-linux-x86_64-fedora-clang | 0.1.9 | 118.14 | NOTE | |||
r-devel-linux-x86_64-fedora-gcc | 0.1.9 | 99.79 | NOTE | |||
r-devel-windows-x86_64 | 0.1.9 | 43.00 | 103.00 | 146.00 | NOTE | |
r-patched-linux-x86_64 | 0.1.9 | 7.08 | 81.31 | 88.39 | NOTE | |
r-release-linux-x86_64 | 0.1.9 | NOTE | ||||
r-release-macos-arm64 | 0.1.9 | 29.00 | NOTE | |||
r-release-macos-x86_64 | 0.1.9 | 58.00 | NOTE | |||
r-release-windows-x86_64 | 0.1.9 | 46.00 | 105.00 | 151.00 | NOTE | |
r-oldrel-macos-arm64 | 0.1.9 | 39.00 | NOTE | |||
r-oldrel-macos-x86_64 | 0.1.9 | 59.00 | NOTE | |||
r-oldrel-windows-ix86+x86_64 | 0.1.9 | 21.00 | 95.00 | 116.00 | NOTE |
Version: 0.1.9
Check: LazyData
Result: NOTE
'LazyData' is specified without a 'data' directory
Flavors: r-devel-linux-x86_64-debian-clang, r-devel-linux-x86_64-debian-gcc, r-devel-linux-x86_64-fedora-clang, r-devel-linux-x86_64-fedora-gcc, r-devel-windows-x86_64, r-patched-linux-x86_64, r-release-linux-x86_64, r-release-macos-arm64, r-release-macos-x86_64, r-release-windows-x86_64, r-oldrel-macos-arm64, r-oldrel-macos-x86_64, r-oldrel-windows-ix86+x86_64