Last updated on 2023-02-01 18:50:50 CET.
Flavor | Version | Tinstall | Tcheck | Ttotal | Status | Flags |
---|---|---|---|---|---|---|
r-devel-linux-x86_64-debian-clang | 4.10.1 | 20.44 | 262.13 | 282.57 | OK | |
r-devel-linux-x86_64-debian-gcc | 4.10.1 | 15.27 | 187.07 | 202.34 | OK | |
r-devel-linux-x86_64-fedora-clang | 4.10.1 | 328.67 | NOTE | |||
r-devel-linux-x86_64-fedora-gcc | 4.10.1 | 310.80 | OK | |||
r-devel-windows-x86_64 | 4.10.1 | 305.00 | 297.00 | 602.00 | NOTE | |
r-patched-linux-x86_64 | 4.10.1 | 18.65 | 235.99 | 254.64 | OK | |
r-release-linux-x86_64 | 4.10.1 | 17.08 | 243.16 | 260.24 | OK | |
r-release-macos-arm64 | 4.10.1 | 118.00 | NOTE | |||
r-release-macos-x86_64 | 4.10.1 | 116.00 | NOTE | |||
r-release-windows-x86_64 | 4.10.1 | 505.00 | 280.00 | 785.00 | NOTE | |
r-oldrel-macos-arm64 | 4.10.1 | 111.00 | NOTE | |||
r-oldrel-macos-x86_64 | 4.10.1 | 119.00 | NOTE | |||
r-oldrel-windows-ix86+x86_64 | 4.10.1 | 35.00 | 258.00 | 293.00 | NOTE |
Version: 4.10.1
Check: installed package size
Result: NOTE
installed size is 7.2Mb
sub-directories of 1Mb or more:
htmlwidgets 4.0Mb
Flavors: r-devel-linux-x86_64-fedora-clang, r-devel-windows-x86_64, r-release-macos-arm64, r-release-macos-x86_64, r-release-windows-x86_64, r-oldrel-macos-arm64, r-oldrel-macos-x86_64, r-oldrel-windows-ix86+x86_64