CRAN Package Check Results for Package plyr

Last updated on 2022-06-25 08:52:07 CEST.

Flavor Version Tinstall Tcheck Ttotal Status Flags
r-devel-linux-x86_64-debian-clang 1.8.7 19.78 79.39 99.17 OK
r-devel-linux-x86_64-debian-gcc 1.8.7 16.65 58.78 75.43 OK
r-devel-linux-x86_64-fedora-clang 1.8.7 136.16 OK
r-devel-linux-x86_64-fedora-gcc 1.8.7 128.83 OK
r-devel-windows-x86_64 1.8.7 65.00 128.00 193.00 OK
r-patched-linux-x86_64 1.8.7 20.92 75.69 96.61 OK
r-release-linux-x86_64 1.8.7 17.72 75.60 93.32 OK
r-release-macos-arm64 1.8.7 48.00 OK
r-release-macos-x86_64 1.8.7 59.00 OK
r-release-windows-x86_64 1.8.7 78.00 128.00 206.00 OK
r-oldrel-macos-arm64 1.8.7 54.00 OK
r-oldrel-macos-x86_64 1.8.7 73.00 OK
r-oldrel-windows-ix86+x86_64 1.8.7 2.00 9.00 11.00 ERROR

Check Details

Version: 1.8.7
Check: whether package can be installed
Result: ERROR
    Installation failed.
Flavor: r-oldrel-windows-ix86+x86_64