Last updated on 2022-05-20 02:53:04 CEST.
Flavor | Version | Tinstall | Tcheck | Ttotal | Status | Flags |
---|---|---|---|---|---|---|
r-devel-linux-x86_64-debian-clang | 1.2.0 | 10.32 | 91.59 | 101.91 | NOTE | |
r-devel-linux-x86_64-debian-gcc | 1.2.0 | 8.98 | 67.96 | 76.94 | NOTE | |
r-devel-linux-x86_64-fedora-clang | 1.2.0 | 122.46 | NOTE | |||
r-devel-linux-x86_64-fedora-gcc | 1.2.0 | 115.65 | NOTE | |||
r-devel-windows-x86_64 | 1.2.0 | 21.00 | 97.00 | 118.00 | NOTE | |
r-patched-linux-x86_64 | 1.2.0 | 11.78 | 83.31 | 95.09 | OK | |
r-release-linux-x86_64 | 1.2.0 | 7.81 | 83.42 | 91.23 | OK | |
r-release-macos-arm64 | 1.2.0 | 32.00 | OK | |||
r-release-macos-x86_64 | 1.2.0 | 54.00 | OK | |||
r-release-windows-x86_64 | 1.2.0 | 19.00 | 101.00 | 120.00 | OK | |
r-oldrel-macos-arm64 | 1.2.0 | 39.00 | OK | |||
r-oldrel-macos-x86_64 | 1.2.0 | 46.00 | OK | |||
r-oldrel-windows-ix86+x86_64 | 1.2.0 | 25.00 | 117.00 | 142.00 | OK |
Version: 1.2.0
Check: Rd files
Result: NOTE
checkRd: (7) logitBvs.Rd:99: \item in \describe must have non-empty label
checkRd: (7) logitBvs.Rd:113: \item in \describe must have non-empty label
checkRd: (7) logitBvs.Rd:130: \item in \describe must have non-empty label
checkRd: (7) negbinBvs.Rd:92: \item in \describe must have non-empty label
checkRd: (7) negbinBvs.Rd:98: \item in \describe must have non-empty label
checkRd: (7) negbinBvs.Rd:116: \item in \describe must have non-empty label
checkRd: (7) pogitBvs.Rd:144: \item in \describe must have non-empty label
checkRd: (7) pogitBvs.Rd:169: \item in \describe must have non-empty label
checkRd: (7) pogitBvs.Rd:193: \item in \describe must have non-empty label
checkRd: (7) pogitBvs.Rd:211: \item in \describe must have non-empty label
checkRd: (7) poissonBvs.Rd:101: \item in \describe must have non-empty label
checkRd: (7) poissonBvs.Rd:118: \item in \describe must have non-empty label
checkRd: (7) poissonBvs.Rd:134: \item in \describe must have non-empty label
Flavors: r-devel-linux-x86_64-debian-clang, r-devel-linux-x86_64-debian-gcc, r-devel-linux-x86_64-fedora-clang, r-devel-linux-x86_64-fedora-gcc, r-devel-windows-x86_64