CRAN Package Check Results for Package polite

Last updated on 2022-05-24 01:49:59 CEST.

Flavor Version Tinstall Tcheck Ttotal Status Flags
r-devel-linux-x86_64-debian-clang 0.1.1 4.54 47.11 51.65 NOTE
r-devel-linux-x86_64-debian-gcc 0.1.1 3.40 36.18 39.58 NOTE
r-devel-linux-x86_64-fedora-clang 0.1.1 61.42 NOTE
r-devel-linux-x86_64-fedora-gcc 0.1.1 49.44 NOTE
r-devel-windows-x86_64 0.1.1 15.00 64.00 79.00 NOTE
r-patched-linux-x86_64 0.1.1 3.71 45.15 48.86 NOTE
r-release-linux-x86_64 0.1.1 NOTE
r-release-macos-arm64 0.1.1 20.00 NOTE
r-release-macos-x86_64 0.1.1 35.00 NOTE
r-release-windows-x86_64 0.1.1 13.00 65.00 78.00 NOTE
r-oldrel-macos-arm64 0.1.1 24.00 NOTE
r-oldrel-macos-x86_64 0.1.1 33.00 NOTE
r-oldrel-windows-ix86+x86_64 0.1.1 10.00 62.00 72.00 NOTE

Check Details

Version: 0.1.1
Check: LazyData
Result: NOTE
     'LazyData' is specified without a 'data' directory
Flavors: r-devel-linux-x86_64-debian-clang, r-devel-linux-x86_64-debian-gcc, r-devel-linux-x86_64-fedora-clang, r-devel-linux-x86_64-fedora-gcc, r-devel-windows-x86_64, r-patched-linux-x86_64, r-release-linux-x86_64, r-release-macos-arm64, r-release-macos-x86_64, r-release-windows-x86_64, r-oldrel-macos-arm64, r-oldrel-macos-x86_64, r-oldrel-windows-ix86+x86_64

Version: 0.1.1
Check: Rd cross-references
Result: NOTE
    Undeclared package ‘purrr’ in Rd xrefs
Flavor: r-devel-linux-x86_64-fedora-clang