Last updated on 2022-05-24 16:53:07 CEST.
Flavor | Version | Tinstall | Tcheck | Ttotal | Status | Flags |
---|---|---|---|---|---|---|
r-devel-linux-x86_64-debian-clang | 0.6-4 | 4.62 | 55.61 | 60.23 | NOTE | |
r-devel-linux-x86_64-debian-gcc | 0.6-4 | 2.75 | 43.24 | 45.99 | NOTE | |
r-devel-linux-x86_64-fedora-clang | 0.6-4 | 81.13 | NOTE | |||
r-devel-linux-x86_64-fedora-gcc | 0.6-4 | 75.23 | NOTE | |||
r-devel-windows-x86_64 | 0.6-4 | 56.00 | 97.00 | 153.00 | OK | |
r-patched-linux-x86_64 | 0.6-4 | 5.43 | 54.45 | 59.88 | NOTE | |
r-release-linux-x86_64 | 0.6-4 | NOTE | ||||
r-release-macos-arm64 | 0.6-4 | 26.00 | OK | |||
r-release-macos-x86_64 | 0.6-4 | 37.00 | OK | |||
r-release-windows-x86_64 | 0.6-4 | 79.00 | 98.00 | 177.00 | OK | |
r-oldrel-macos-arm64 | 0.6-4 | 34.00 | OK | |||
r-oldrel-macos-x86_64 | 0.6-4 | 45.00 | OK | |||
r-oldrel-windows-ix86+x86_64 | 0.6-4 | 9.00 | 69.00 | 78.00 | OK |
Version: 0.6-4
Check: for non-standard things in the check directory
Result: NOTE
Found the following files/directories:
'test-data.R' 'test-inits.R' 'test.bug' 'test.cmd'
Flavors: r-devel-linux-x86_64-debian-clang, r-devel-linux-x86_64-debian-gcc, r-devel-linux-x86_64-fedora-clang, r-devel-linux-x86_64-fedora-gcc, r-patched-linux-x86_64, r-release-linux-x86_64
Version: 0.6-4
Check: Rd cross-references
Result: NOTE
Undeclared package ‘Rcmdr’ in Rd xrefs
Flavor: r-devel-linux-x86_64-fedora-clang