Last updated on 2022-06-28 07:52:04 CEST.
Flavor | Version | Tinstall | Tcheck | Ttotal | Status | Flags |
---|---|---|---|---|---|---|
r-devel-linux-x86_64-debian-clang | 1.10-0 | 12.75 | 25.72 | 38.47 | NOTE | |
r-devel-linux-x86_64-debian-gcc | 1.10-0 | 10.37 | 20.23 | 30.60 | NOTE | |
r-devel-linux-x86_64-fedora-clang | 1.10-0 | 63.68 | NOTE | |||
r-devel-linux-x86_64-fedora-gcc | 1.10-0 | 58.68 | NOTE | |||
r-devel-windows-x86_64 | 1.10-0 | 25.00 | 65.00 | 90.00 | NOTE | |
r-patched-linux-x86_64 | 1.10-0 | 10.51 | 24.50 | 35.01 | NOTE | |
r-release-linux-x86_64 | 1.10-0 | 10.70 | 24.65 | 35.35 | NOTE | |
r-release-macos-arm64 | 1.10-0 | 22.00 | NOTE | |||
r-release-macos-x86_64 | 1.10-0 | 31.00 | NOTE | |||
r-release-windows-x86_64 | 1.10-0 | 19.00 | 66.00 | 85.00 | NOTE | |
r-oldrel-macos-arm64 | 1.10-0 | 28.00 | NOTE | |||
r-oldrel-macos-x86_64 | 1.10-0 | 40.00 | NOTE | |||
r-oldrel-windows-ix86+x86_64 | 1.10-0 | 29.00 | 44.00 | 73.00 | NOTE |
Version: 1.10-0
Check: LazyData
Result: NOTE
'LazyData' is specified without a 'data' directory
Flavors: r-devel-linux-x86_64-debian-clang, r-devel-linux-x86_64-debian-gcc, r-devel-linux-x86_64-fedora-clang, r-devel-linux-x86_64-fedora-gcc, r-devel-windows-x86_64, r-patched-linux-x86_64, r-release-linux-x86_64, r-release-macos-arm64, r-release-macos-x86_64, r-release-windows-x86_64, r-oldrel-macos-arm64, r-oldrel-macos-x86_64, r-oldrel-windows-ix86+x86_64