CRAN Package Check Results for Package polypoly

Last updated on 2022-05-19 06:58:25 CEST.

Flavor Version Tinstall Tcheck Ttotal Status Flags
r-devel-linux-x86_64-debian-clang 0.0.2 2.42 53.64 56.06 NOTE
r-devel-linux-x86_64-debian-gcc 0.0.2 1.77 40.30 42.07 NOTE
r-devel-linux-x86_64-fedora-clang 0.0.2 66.52 NOTE
r-devel-linux-x86_64-fedora-gcc 0.0.2 64.64 NOTE
r-devel-windows-x86_64 0.0.2 11.00 75.00 86.00 NOTE
r-patched-linux-x86_64 0.0.2 2.38 50.69 53.07 NOTE
r-release-linux-x86_64 0.0.2 1.79 51.55 53.34 NOTE
r-release-macos-arm64 0.0.2 27.00 NOTE
r-release-macos-x86_64 0.0.2 41.00 NOTE
r-release-windows-x86_64 0.0.2 12.00 77.00 89.00 NOTE
r-oldrel-macos-arm64 0.0.2 37.00 NOTE
r-oldrel-macos-x86_64 0.0.2 38.00 NOTE
r-oldrel-windows-ix86+x86_64 0.0.2 6.00 65.00 71.00 NOTE

Check Details

Version: 0.0.2
Check: LazyData
Result: NOTE
     'LazyData' is specified without a 'data' directory
Flavors: r-devel-linux-x86_64-debian-clang, r-devel-linux-x86_64-debian-gcc, r-devel-linux-x86_64-fedora-clang, r-devel-linux-x86_64-fedora-gcc, r-devel-windows-x86_64, r-patched-linux-x86_64, r-release-linux-x86_64, r-release-macos-arm64, r-release-macos-x86_64, r-release-windows-x86_64, r-oldrel-macos-arm64, r-oldrel-macos-x86_64, r-oldrel-windows-ix86+x86_64