CRAN Package Check Results for Package postGGIR

Last updated on 2022-01-24 13:50:24 CET.

Flavor Version Tinstall Tcheck Ttotal Status Flags
r-devel-linux-x86_64-debian-clang 2.4.0.2 26.25 199.52 225.77 OK
r-devel-linux-x86_64-debian-gcc 2.4.0.2 20.01 145.96 165.97 OK
r-devel-linux-x86_64-fedora-clang 2.4.0.2 265.57 NOTE
r-devel-linux-x86_64-fedora-gcc 2.4.0.2 271.17 NOTE
r-devel-windows-x86_64-new-UL 2.4.0.2 226.00 193.00 419.00 OK
r-devel-windows-x86_64-new-TK 2.4.0.2 ERROR
r-patched-linux-x86_64 2.4.0.2 25.32 185.74 211.06 OK
r-release-linux-x86_64 2.4.0.2 20.42 186.79 207.21 OK
r-release-macos-arm64 2.4.0.2 NOTE
r-release-macos-x86_64 2.4.0.2 WARN --as-cran
r-release-windows-ix86+x86_64 2.4.0.2 53.00 189.00 242.00 OK
r-oldrel-macos-x86_64 2.4.0.1 NOTE
r-oldrel-windows-ix86+x86_64 2.4.0.2 54.00 190.00 244.00 OK

Check Details

Version: 2.4.0.2
Check: dependencies in R code
Result: NOTE
    Namespaces in Imports field not imported from:
     ‘ActCR’ ‘ActFrag’ ‘tidyr’
     All declared Imports should be used.
Flavors: r-devel-linux-x86_64-fedora-clang, r-devel-linux-x86_64-fedora-gcc, r-release-macos-arm64

Version: 2.4.0.2
Check: package dependencies
Result: ERROR
    Package required but not available: 'refund'
    
    See section 'The DESCRIPTION file' in the 'Writing R Extensions'
    manual.
Flavor: r-devel-windows-x86_64-new-TK

Version: 2.4.0.2
Flags: --as-cran
Check: CRAN incoming feasibility
Result: WARN
    Maintainer: ‘Wei Guo <wei.guo3@nih.gov>’
    
    Insufficient package version (submitted: 2.4.0.2, existing: 2.4.0.2)
    
    Days since last update: 1
Flavor: r-release-macos-x86_64

Version: 2.4.0.1
Check: dependencies in R code
Result: NOTE
    Namespaces in Imports field not imported from:
     ‘ActCR’ ‘ActFrag’ ‘tidyr’
     All declared Imports should be used.
Flavor: r-oldrel-macos-x86_64