CRAN Package Check Results for Package postlightmercury

Last updated on 2023-05-30 16:00:41 CEST.

Flavor Version Tinstall Tcheck Ttotal Status Flags
r-devel-linux-x86_64-debian-clang 1.2 1.67 21.89 23.56 NOTE
r-devel-linux-x86_64-debian-gcc 1.2 1.65 17.59 19.24 NOTE
r-devel-linux-x86_64-fedora-clang 1.2 30.57 NOTE
r-devel-linux-x86_64-fedora-gcc 1.2 28.68 NOTE
r-devel-windows-x86_64 1.2 3.00 40.00 43.00 NOTE
r-patched-linux-x86_64 1.2 1.61 21.58 23.19 NOTE
r-release-linux-x86_64 1.2 2.02 21.49 23.51 NOTE
r-release-macos-arm64 1.2 19.00 NOTE
r-release-macos-x86_64 1.2 20.00 NOTE
r-release-windows-x86_64 1.2 4.00 40.00 44.00 NOTE
r-oldrel-macos-arm64 1.2 16.00 NOTE
r-oldrel-macos-x86_64 1.2 20.00 NOTE
r-oldrel-windows-x86_64 1.2 3.00 42.00 45.00 NOTE

Check Details

Version: 1.2
Check: LazyData
Result: NOTE
     'LazyData' is specified without a 'data' directory
Flavors: r-devel-linux-x86_64-debian-clang, r-devel-linux-x86_64-debian-gcc, r-devel-linux-x86_64-fedora-clang, r-devel-linux-x86_64-fedora-gcc, r-devel-windows-x86_64, r-patched-linux-x86_64, r-release-linux-x86_64, r-release-macos-arm64, r-release-macos-x86_64, r-release-windows-x86_64, r-oldrel-macos-arm64, r-oldrel-macos-x86_64, r-oldrel-windows-x86_64