CRAN Package Check Results for Package postlightmercury

Last updated on 2022-05-22 05:53:15 CEST.

Flavor Version Tinstall Tcheck Ttotal Status Flags
r-devel-linux-x86_64-debian-clang 1.2 1.88 31.61 33.49 NOTE
r-devel-linux-x86_64-debian-gcc 1.2 1.68 24.56 26.24 NOTE
r-devel-linux-x86_64-fedora-clang 1.2 40.49 NOTE
r-devel-linux-x86_64-fedora-gcc 1.2 39.31 NOTE
r-devel-windows-x86_64 1.2 28.00 48.00 76.00 NOTE
r-patched-linux-x86_64 1.2 1.93 30.25 32.18 NOTE
r-release-linux-x86_64 1.2 2.02 30.41 32.43 NOTE
r-release-macos-arm64 1.2 16.00 NOTE
r-release-macos-x86_64 1.2 20.00 NOTE
r-release-windows-x86_64 1.2 14.00 48.00 62.00 NOTE
r-oldrel-macos-arm64 1.2 20.00 NOTE
r-oldrel-macos-x86_64 1.2 25.00 NOTE
r-oldrel-windows-ix86+x86_64 1.2 5.00 41.00 46.00 NOTE

Check Details

Version: 1.2
Check: LazyData
Result: NOTE
     'LazyData' is specified without a 'data' directory
Flavors: r-devel-linux-x86_64-debian-clang, r-devel-linux-x86_64-debian-gcc, r-devel-linux-x86_64-fedora-clang, r-devel-linux-x86_64-fedora-gcc, r-devel-windows-x86_64, r-patched-linux-x86_64, r-release-linux-x86_64, r-release-macos-arm64, r-release-macos-x86_64, r-release-windows-x86_64, r-oldrel-macos-arm64, r-oldrel-macos-x86_64, r-oldrel-windows-ix86+x86_64