CRAN Package Check Results for Package postlogic

Last updated on 2022-05-18 17:50:03 CEST.

Flavor Version Tinstall Tcheck Ttotal Status Flags
r-devel-linux-x86_64-debian-clang 0.1.0.1 1.63 30.22 31.85 NOTE
r-devel-linux-x86_64-debian-gcc 0.1.0.1 1.41 23.89 25.30 NOTE
r-devel-linux-x86_64-fedora-clang 0.1.0.1 39.42 NOTE
r-devel-linux-x86_64-fedora-gcc 0.1.0.1 38.87 NOTE
r-devel-windows-x86_64 0.1.0.1 10.00 46.00 56.00 NOTE
r-patched-linux-x86_64 0.1.0.1 1.82 29.73 31.55 NOTE
r-release-linux-x86_64 0.1.0.1 1.63 30.18 31.81 NOTE
r-release-macos-arm64 0.1.0.1 15.00 NOTE
r-release-macos-x86_64 0.1.0.1 21.00 NOTE
r-release-windows-x86_64 0.1.0.1 12.00 46.00 58.00 NOTE
r-oldrel-macos-arm64 0.1.0.1 18.00 NOTE
r-oldrel-macos-x86_64 0.1.0.1 25.00 NOTE
r-oldrel-windows-ix86+x86_64 0.1.0.1 4.00 40.00 44.00 NOTE

Check Details

Version: 0.1.0.1
Check: LazyData
Result: NOTE
     'LazyData' is specified without a 'data' directory
Flavors: r-devel-linux-x86_64-debian-clang, r-devel-linux-x86_64-debian-gcc, r-devel-linux-x86_64-fedora-clang, r-devel-linux-x86_64-fedora-gcc, r-devel-windows-x86_64, r-patched-linux-x86_64, r-release-linux-x86_64, r-release-macos-arm64, r-release-macos-x86_64, r-release-windows-x86_64, r-oldrel-macos-arm64, r-oldrel-macos-x86_64, r-oldrel-windows-ix86+x86_64