CRAN Package Check Results for Package postpack

Last updated on 2022-05-17 15:53:25 CEST.

Flavor Version Tinstall Tcheck Ttotal Status Flags
r-devel-linux-x86_64-debian-clang 0.5.3 3.86 48.13 51.99 OK
r-devel-linux-x86_64-debian-gcc 0.5.3 2.85 37.20 40.05 OK
r-devel-linux-x86_64-fedora-clang 0.5.3 62.17 NOTE
r-devel-linux-x86_64-fedora-gcc 0.5.3 60.46 OK
r-devel-windows-x86_64 0.5.3 28.00 88.00 116.00 OK
r-patched-linux-x86_64 0.5.3 3.71 46.36 50.07 OK
r-release-linux-x86_64 0.5.3 2.13 46.70 48.83 OK
r-release-macos-arm64 0.5.3 24.00 OK
r-release-macos-x86_64 0.5.3 50.00 NOTE
r-release-windows-x86_64 0.5.3 29.00 73.00 102.00 OK
r-oldrel-macos-arm64 0.5.3 37.00 NOTE
r-oldrel-macos-x86_64 0.5.3 31.00 OK
r-oldrel-windows-ix86+x86_64 0.5.3 10.00 63.00 73.00 OK

Check Details

Version: 0.5.3
Check: Rd cross-references
Result: NOTE
    Undeclared packages ‘rstan’, ‘R2WinBUGS’, ‘R2jags’, ‘R2OpenBUGS’, ‘nimble’, ‘rjags’, ‘jagsUI’ in Rd xrefs
Flavor: r-devel-linux-x86_64-fedora-clang

Version: 0.5.3
Check: Rd cross-references
Result: NOTE
    Packages unavailable to check Rd xrefs: ‘R2jags’, ‘rjags’, ‘jagsUI’
Flavors: r-release-macos-x86_64, r-oldrel-macos-arm64