CRAN Package Check Results for Package povcalnetR

Last updated on 2022-05-29 05:51:12 CEST.

Flavor Version Tinstall Tcheck Ttotal Status Flags
r-devel-linux-x86_64-debian-clang 0.1.1 3.59 45.71 49.30 OK
r-devel-linux-x86_64-debian-gcc 0.1.1 2.43 35.78 38.21 OK
r-devel-linux-x86_64-fedora-clang 0.1.1 60.09 NOTE
r-devel-linux-x86_64-fedora-gcc 0.1.1 48.51 NOTE
r-devel-windows-x86_64 0.1.1 20.00 69.00 89.00 OK
r-patched-linux-x86_64 0.1.1 3.48 45.82 49.30 OK
r-release-linux-x86_64 0.1.1 3.13 44.41 47.54 OK
r-release-macos-arm64 0.1.1 24.00 NOTE
r-release-macos-x86_64 0.1.1 37.00 NOTE
r-release-windows-x86_64 0.1.1 28.00 67.00 95.00 OK
r-oldrel-macos-arm64 0.1.1 25.00 NOTE
r-oldrel-macos-x86_64 0.1.1 35.00 NOTE
r-oldrel-windows-ix86+x86_64 0.1.1 10.00 62.00 72.00 OK

Check Details

Version: 0.1.1
Check: dependencies in R code
Result: NOTE
    Namespace in Imports field not imported from: ‘memoise’
     All declared Imports should be used.
Flavors: r-devel-linux-x86_64-fedora-clang, r-devel-linux-x86_64-fedora-gcc, r-release-macos-arm64, r-release-macos-x86_64, r-oldrel-macos-arm64, r-oldrel-macos-x86_64