Last updated on 2022-05-20 21:52:59 CEST.
Flavor | Version | Tinstall | Tcheck | Ttotal | Status | Flags |
---|---|---|---|---|---|---|
r-devel-linux-x86_64-debian-clang | 0.0.2 | 2.88 | 67.99 | 70.87 | NOTE | |
r-devel-linux-x86_64-debian-gcc | 0.0.2 | 2.19 | 51.67 | 53.86 | NOTE | |
r-devel-linux-x86_64-fedora-clang | 0.0.2 | 81.38 | NOTE | |||
r-devel-linux-x86_64-fedora-gcc | 0.0.2 | 82.13 | NOTE | |||
r-devel-windows-x86_64 | 0.0.2 | 15.00 | 83.00 | 98.00 | NOTE | |
r-patched-linux-x86_64 | 0.0.2 | 2.67 | 65.30 | 67.97 | NOTE | |
r-release-linux-x86_64 | 0.0.2 | 2.88 | 64.32 | 67.20 | NOTE | |
r-release-macos-arm64 | 0.0.2 | 21.00 | NOTE | |||
r-release-macos-x86_64 | 0.0.2 | 42.00 | NOTE | |||
r-release-windows-x86_64 | 0.0.2 | 16.00 | 87.00 | 103.00 | NOTE | |
r-oldrel-macos-arm64 | 0.0.2 | 36.00 | NOTE | |||
r-oldrel-macos-x86_64 | 0.0.2 | 46.00 | NOTE | |||
r-oldrel-windows-ix86+x86_64 | 0.0.2 | 7.00 | 78.00 | 85.00 | NOTE |
Version: 0.0.2
Check: LazyData
Result: NOTE
'LazyData' is specified without a 'data' directory
Flavors: r-devel-linux-x86_64-debian-clang, r-devel-linux-x86_64-debian-gcc, r-devel-linux-x86_64-fedora-clang, r-devel-linux-x86_64-fedora-gcc, r-devel-windows-x86_64, r-patched-linux-x86_64, r-release-linux-x86_64, r-release-macos-arm64, r-release-macos-x86_64, r-release-windows-x86_64, r-oldrel-macos-arm64, r-oldrel-macos-x86_64, r-oldrel-windows-ix86+x86_64
Version: 0.0.2
Check: dependencies in R code
Result: NOTE
Namespaces in Imports field not imported from:
‘rpart’ ‘withr’
All declared Imports should be used.
Flavors: r-devel-linux-x86_64-fedora-clang, r-devel-linux-x86_64-fedora-gcc, r-release-macos-arm64, r-release-macos-x86_64, r-oldrel-macos-arm64, r-oldrel-macos-x86_64