Last updated on 2022-05-17 11:49:47 CEST.
Flavor | Version | Tinstall | Tcheck | Ttotal | Status | Flags |
---|---|---|---|---|---|---|
r-devel-linux-x86_64-debian-clang | 1.0.2 | 11.89 | 156.18 | 168.07 | OK | |
r-devel-linux-x86_64-debian-gcc | 1.0.2 | 9.96 | 119.87 | 129.83 | OK | |
r-devel-linux-x86_64-fedora-clang | 1.0.2 | 213.46 | OK | |||
r-devel-linux-x86_64-fedora-gcc | 1.0.2 | 218.30 | OK | |||
r-devel-windows-x86_64 | 1.0.2 | 54.00 | 180.00 | 234.00 | OK | |
r-patched-linux-x86_64 | 1.0.2 | 10.49 | 148.93 | 159.42 | OK | |
r-release-linux-x86_64 | 1.0.2 | 14.03 | 150.24 | 164.27 | OK | |
r-release-macos-arm64 | 1.0.2 | 64.00 | NOTE | |||
r-release-macos-x86_64 | 1.0.2 | 185.00 | OK | |||
r-release-windows-x86_64 | 1.0.2 | 44.00 | 182.00 | 226.00 | OK | |
r-oldrel-macos-arm64 | 1.0.2 | 61.00 | OK | |||
r-oldrel-macos-x86_64 | 1.0.2 | 126.00 | OK | |||
r-oldrel-windows-ix86+x86_64 | 1.0.2 | 26.00 | 242.00 | 268.00 | OK |
Version: 1.0.2
Check: package dependencies
Result: NOTE
Package suggested but not available for checking: ‘PerfMeas’
Flavor: r-release-macos-arm64