CRAN Package Check Results for Package predkmeans

Last updated on 2022-05-16 22:52:19 CEST.

Flavor Version Tinstall Tcheck Ttotal Status Flags
r-devel-linux-x86_64-debian-clang 0.1.1 37.60 52.10 89.70 NOTE
r-devel-linux-x86_64-debian-gcc 0.1.1 25.30 39.85 65.15 NOTE
r-devel-linux-x86_64-fedora-clang 0.1.1 113.30 NOTE
r-devel-linux-x86_64-fedora-gcc 0.1.1 104.54 NOTE
r-devel-windows-x86_64 0.1.1 49.00 87.00 136.00 NOTE
r-patched-linux-x86_64 0.1.1 33.79 51.05 84.84 NOTE
r-release-linux-x86_64 0.1.1 30.46 50.56 81.02 NOTE
r-release-macos-arm64 0.1.1 29.00 NOTE
r-release-macos-x86_64 0.1.1 39.00 NOTE
r-release-windows-x86_64 0.1.1 46.00 90.00 136.00 NOTE
r-oldrel-macos-arm64 0.1.1 35.00 NOTE
r-oldrel-macos-x86_64 0.1.1 50.00 NOTE
r-oldrel-windows-ix86+x86_64 0.1.1 84.00 102.00 186.00 NOTE

Check Details

Version: 0.1.1
Check: LazyData
Result: NOTE
     'LazyData' is specified without a 'data' directory
Flavors: r-devel-linux-x86_64-debian-clang, r-devel-linux-x86_64-debian-gcc, r-devel-linux-x86_64-fedora-clang, r-devel-linux-x86_64-fedora-gcc, r-devel-windows-x86_64, r-patched-linux-x86_64, r-release-linux-x86_64, r-release-macos-arm64, r-release-macos-x86_64, r-release-windows-x86_64, r-oldrel-macos-arm64, r-oldrel-macos-x86_64, r-oldrel-windows-ix86+x86_64