Last updated on 2022-05-28 16:49:17 CEST.
Flavor | Version | Tinstall | Tcheck | Ttotal | Status | Flags |
---|---|---|---|---|---|---|
r-devel-linux-x86_64-debian-clang | 0.2.2 | 3.25 | 41.53 | 44.78 | NOTE | |
r-devel-linux-x86_64-debian-gcc | 0.2.2 | 2.39 | 32.50 | 34.89 | NOTE | |
r-devel-linux-x86_64-fedora-clang | 0.2.2 | 54.56 | NOTE | |||
r-devel-linux-x86_64-fedora-gcc | 0.2.2 | 43.49 | NOTE | |||
r-devel-windows-x86_64 | 0.2.2 | 37.00 | 63.00 | 100.00 | NOTE | |
r-patched-linux-x86_64 | 0.2.2 | 3.70 | 40.48 | 44.18 | NOTE | |
r-release-linux-x86_64 | 0.2.2 | 2.40 | 40.99 | 43.39 | NOTE | |
r-release-macos-arm64 | 0.2.2 | 19.00 | NOTE | |||
r-release-macos-x86_64 | 0.2.2 | 27.00 | NOTE | |||
r-release-windows-x86_64 | 0.2.2 | 45.00 | 61.00 | 106.00 | NOTE | |
r-oldrel-macos-arm64 | 0.2.2 | 22.00 | NOTE | |||
r-oldrel-macos-x86_64 | 0.2.2 | 37.00 | NOTE | |||
r-oldrel-windows-ix86+x86_64 | 0.2.2 | 7.00 | 52.00 | 59.00 | NOTE |
Version: 0.2.2
Check: LazyData
Result: NOTE
'LazyData' is specified without a 'data' directory
Flavors: r-devel-linux-x86_64-debian-clang, r-devel-linux-x86_64-debian-gcc, r-devel-linux-x86_64-fedora-clang, r-devel-linux-x86_64-fedora-gcc, r-devel-windows-x86_64, r-patched-linux-x86_64, r-release-linux-x86_64, r-release-macos-arm64, r-release-macos-x86_64, r-release-windows-x86_64, r-oldrel-macos-arm64, r-oldrel-macos-x86_64, r-oldrel-windows-ix86+x86_64