CRAN Package Check Results for Package prettyR

Last updated on 2022-06-29 01:50:29 CEST.

Flavor Version Tinstall Tcheck Ttotal Status Flags
r-devel-linux-x86_64-debian-clang 2.2-3 2.37 31.07 33.44 NOTE
r-devel-linux-x86_64-debian-gcc 2.2-3 3.05 24.31 27.36 NOTE
r-devel-linux-x86_64-fedora-clang 2.2-3 52.24 NOTE
r-devel-linux-x86_64-fedora-gcc 2.2-3 51.78 NOTE
r-devel-windows-x86_64 2.2-3 29.00 54.00 83.00 OK
r-patched-linux-x86_64 2.2-3 4.66 29.15 33.81 NOTE
r-release-linux-x86_64 2.2-3 2.68 29.33 32.01 NOTE
r-release-macos-arm64 2.2-3 17.00 OK
r-release-macos-x86_64 2.2-3 24.00 OK
r-release-windows-x86_64 2.2-3 9.00 56.00 65.00 OK
r-oldrel-macos-arm64 2.2-3 26.00 OK
r-oldrel-macos-x86_64 2.2-3 31.00 OK
r-oldrel-windows-ix86+x86_64 2.2-3 7.00 37.00 44.00 OK

Check Details

Version: 2.2-3
Check: for non-standard things in the check directory
Result: NOTE
    Found the following files/directories:
     'hista.png' 'plotcd.png' 'test.R' 'test.html' 'testR2html.R'
     'testglm.csv' 'testglm.html' 'testglm.tab'
Flavors: r-devel-linux-x86_64-debian-clang, r-devel-linux-x86_64-debian-gcc, r-devel-linux-x86_64-fedora-clang, r-devel-linux-x86_64-fedora-gcc, r-patched-linux-x86_64, r-release-linux-x86_64