Last updated on 2022-05-21 09:53:07 CEST.
Flavor | Version | Tinstall | Tcheck | Ttotal | Status | Flags |
---|---|---|---|---|---|---|
r-devel-linux-x86_64-debian-clang | 7.1.1 | 558.42 | 504.69 | 1063.11 | WARN | |
r-devel-linux-x86_64-debian-gcc | 7.1.1 | 463.71 | 362.95 | 826.66 | NOTE | |
r-devel-linux-x86_64-fedora-clang | 7.1.1 | 1452.48 | WARN | |||
r-devel-linux-x86_64-fedora-gcc | 7.1.1 | 1344.60 | NOTE | |||
r-devel-windows-x86_64 | 7.1.1 | 650.00 | 559.00 | 1209.00 | NOTE | |
r-patched-linux-x86_64 | 7.1.1 | 509.31 | 465.56 | 974.87 | NOTE | |
r-release-linux-x86_64 | 7.1.1 | 508.38 | 465.83 | 974.21 | NOTE | |
r-release-macos-arm64 | 7.1.1 | 270.00 | NOTE | |||
r-release-macos-x86_64 | 7.1.1 | 375.00 | NOTE | |||
r-release-windows-x86_64 | 7.1.1 | 654.00 | 557.00 | 1211.00 | NOTE | |
r-oldrel-macos-arm64 | 7.1.1 | 251.00 | NOTE | |||
r-oldrel-macos-x86_64 | 7.1.1 | 372.00 | NOTE | |||
r-oldrel-windows-ix86+x86_64 | 7.1.1 | 1391.00 | 745.00 | 2136.00 | NOTE |
Version: 7.1.1
Check: package dependencies
Result: NOTE
Packages suggested but not available for checking:
'RandomFields', 'gurobi', 'rcbc', 'cplexAPI'
Flavors: r-devel-linux-x86_64-debian-clang, r-devel-linux-x86_64-debian-gcc, r-devel-linux-x86_64-fedora-clang, r-devel-linux-x86_64-fedora-gcc, r-patched-linux-x86_64, r-release-linux-x86_64
Version: 7.1.1
Check: whether package can be installed
Result: WARN
Found the following significant warnings:
rcpp_boundary_data.cpp:45:13: warning: use of bitwise '&' with boolean operands [-Wbitwise-instead-of-logical]
rcpp_boundary_data.cpp:132:9: warning: use of bitwise '&' with boolean operands [-Wbitwise-instead-of-logical]
rcpp_summarize_exactextractr.cpp:22:7: warning: use of bitwise '&' with boolean operands [-Wbitwise-instead-of-logical]
Flavors: r-devel-linux-x86_64-debian-clang, r-devel-linux-x86_64-fedora-clang
Version: 7.1.1
Check: Rd cross-references
Result: NOTE
Unknown package 'RandomFields' in Rd xrefs
Flavors: r-devel-linux-x86_64-debian-clang, r-devel-linux-x86_64-debian-gcc, r-devel-linux-x86_64-fedora-clang, r-devel-linux-x86_64-fedora-gcc, r-patched-linux-x86_64, r-release-linux-x86_64
Version: 7.1.1
Check: installed package size
Result: NOTE
installed size is 16.9Mb
sub-directories of 1Mb or more:
R 1.6Mb
doc 3.4Mb
libs 10.6Mb
Flavors: r-devel-linux-x86_64-fedora-clang, r-devel-windows-x86_64, r-release-macos-arm64, r-release-macos-x86_64, r-release-windows-x86_64, r-oldrel-macos-arm64, r-oldrel-macos-x86_64, r-oldrel-windows-ix86+x86_64
Version: 7.1.1
Check: dependencies in R code
Result: NOTE
Namespace in Imports field not imported from: ‘exactextractr’
All declared Imports should be used.
Flavors: r-devel-linux-x86_64-fedora-clang, r-devel-linux-x86_64-fedora-gcc, r-release-macos-arm64, r-release-macos-x86_64, r-oldrel-macos-arm64, r-oldrel-macos-x86_64
Version: 7.1.1
Check: package dependencies
Result: NOTE
Packages suggested but not available for checking:
'gurobi', 'rcbc', 'cplexAPI'
Flavors: r-devel-windows-x86_64, r-release-macos-x86_64, r-release-windows-x86_64, r-oldrel-windows-ix86+x86_64
Version: 7.1.1
Check: package dependencies
Result: NOTE
Packages suggested but not available for checking:
'gurobi', 'rcbc', 'cplexAPI', 'lpsymphony'
Flavors: r-release-macos-arm64, r-oldrel-macos-arm64, r-oldrel-macos-x86_64