CRAN Package Check Results for Package prognosticROC

Last updated on 2022-01-21 20:48:49 CET.

Flavor Version Tinstall Tcheck Ttotal Status Flags
r-devel-linux-x86_64-debian-clang 0.7 5.84 61.55 67.39 NOTE
r-devel-linux-x86_64-debian-gcc 0.7 5.81 47.76 53.57 NOTE
r-devel-linux-x86_64-fedora-clang 0.7 83.85 NOTE
r-devel-linux-x86_64-fedora-gcc 0.7 73.14 NOTE
r-devel-windows-x86_64-new-UL 0.7 23.00 77.00 100.00 NOTE
r-devel-windows-x86_64-new-TK 0.7 NOTE
r-patched-linux-x86_64 0.7 5.42 60.35 65.77 NOTE
r-release-linux-x86_64 0.7 6.81 60.30 67.11 NOTE
r-release-macos-arm64 0.7 NOTE
r-release-macos-x86_64 0.7 NOTE
r-release-windows-ix86+x86_64 0.7 16.00 72.00 88.00 NOTE
r-oldrel-macos-x86_64 0.7 NOTE
r-oldrel-windows-ix86+x86_64 0.7 15.00 63.00 78.00 NOTE

Check Details

Version: 0.7
Check: dependencies in R code
Result: NOTE
    Packages in Depends field not imported from:
     'splines' 'survival'
     These packages need to be imported from (in the NAMESPACE file)
     for when this namespace is loaded but not attached.
Flavors: r-devel-linux-x86_64-debian-clang, r-devel-linux-x86_64-debian-gcc, r-devel-linux-x86_64-fedora-clang, r-devel-linux-x86_64-fedora-gcc, r-devel-windows-x86_64-new-UL, r-devel-windows-x86_64-new-TK, r-patched-linux-x86_64, r-release-linux-x86_64, r-release-macos-arm64, r-release-macos-x86_64, r-release-windows-ix86+x86_64, r-oldrel-macos-x86_64, r-oldrel-windows-ix86+x86_64

Version: 0.7
Check: R code for possible problems
Result: NOTE
    IndividualPROC: no visible global function definition for 'survfit'
    IndividualPROC: no visible global function definition for 'quantile'
    Undefined global functions or variables:
     quantile survfit
    Consider adding
     importFrom("stats", "quantile")
    to your NAMESPACE file.
Flavors: r-devel-linux-x86_64-debian-clang, r-devel-linux-x86_64-debian-gcc, r-devel-linux-x86_64-fedora-clang, r-devel-linux-x86_64-fedora-gcc, r-devel-windows-x86_64-new-UL, r-devel-windows-x86_64-new-TK, r-patched-linux-x86_64, r-release-linux-x86_64, r-release-macos-arm64, r-release-macos-x86_64, r-release-windows-ix86+x86_64, r-oldrel-macos-x86_64, r-oldrel-windows-ix86+x86_64