CRAN Package Check Results for Package projects

Last updated on 2022-05-19 16:49:58 CEST.

Flavor Version Tinstall Tcheck Ttotal Status Flags
r-devel-linux-x86_64-debian-clang 2.1.3 6.79 72.28 79.07 OK
r-devel-linux-x86_64-debian-gcc 2.1.3 5.99 53.30 59.29 OK
r-devel-linux-x86_64-fedora-clang 2.1.3 91.59 NOTE
r-devel-linux-x86_64-fedora-gcc 2.1.3 90.02 NOTE
r-devel-windows-x86_64 2.1.3 35.00 85.00 120.00 OK
r-patched-linux-x86_64 2.1.3 4.94 68.74 73.68 OK
r-release-linux-x86_64 2.1.3 7.78 66.41 74.19 OK
r-release-macos-arm64 2.1.3 31.00 NOTE
r-release-macos-x86_64 2.1.3 48.00 NOTE
r-release-windows-x86_64 2.1.3 41.00 88.00 129.00 OK
r-oldrel-macos-arm64 2.1.3 26.00 NOTE
r-oldrel-macos-x86_64 2.1.3 42.00 NOTE
r-oldrel-windows-ix86+x86_64 2.1.3 15.00 84.00 99.00 OK

Check Details

Version: 2.1.3
Check: dependencies in R code
Result: NOTE
    Namespace in Imports field not imported from: ‘methods’
     All declared Imports should be used.
Flavors: r-devel-linux-x86_64-fedora-clang, r-devel-linux-x86_64-fedora-gcc, r-release-macos-arm64, r-release-macos-x86_64, r-oldrel-macos-arm64, r-oldrel-macos-x86_64