Last updated on 2023-01-31 22:58:15 CET.
Flavor | Version | Tinstall | Tcheck | Ttotal | Status | Flags |
---|---|---|---|---|---|---|
r-devel-linux-x86_64-debian-clang | 1.5.6.70 | 798.30 | 127.80 | 926.10 | NOTE | |
r-devel-linux-x86_64-debian-gcc | 1.5.6.70 | 757.88 | 141.61 | 899.49 | NOTE | |
r-devel-linux-x86_64-fedora-clang | 1.5.6.70 | 1179.98 | NOTE | |||
r-devel-linux-x86_64-fedora-gcc | 1.5.6.70 | 1576.24 | NOTE | |||
r-devel-windows-x86_64 | 1.5.6.70 | 610.00 | 245.00 | 855.00 | NOTE | |
r-patched-linux-x86_64 | 1.5.6.70 | 630.49 | 173.61 | 804.10 | NOTE | |
r-release-linux-x86_64 | 1.5.6.70 | 627.02 | 177.60 | 804.62 | NOTE | |
r-release-macos-arm64 | 1.5.6.70 | 305.00 | NOTE | |||
r-release-macos-x86_64 | 1.5.6.70 | 459.00 | NOTE | |||
r-release-windows-x86_64 | 1.5.6.70 | 517.00 | 247.00 | 764.00 | NOTE | |
r-oldrel-macos-arm64 | 1.5.6.70 | 315.00 | NOTE | |||
r-oldrel-macos-x86_64 | 1.5.6.70 | 424.00 | NOTE | |||
r-oldrel-windows-ix86+x86_64 | 1.5.6.70 | 1883.00 | 295.00 | 2178.00 | NOTE |
Version: 1.5.6.70
Check: C++ specification
Result: NOTE
Specified C++14: please update to current default of C++17
Flavors: r-devel-linux-x86_64-debian-clang, r-devel-linux-x86_64-debian-gcc, r-devel-linux-x86_64-fedora-clang, r-devel-linux-x86_64-fedora-gcc, r-devel-windows-x86_64
Version: 1.5.6.70
Check: for GNU extensions in Makefiles
Result: NOTE
GNU make is a SystemRequirements.
Flavors: r-devel-linux-x86_64-debian-clang, r-devel-linux-x86_64-debian-gcc, r-devel-linux-x86_64-fedora-clang, r-devel-linux-x86_64-fedora-gcc, r-devel-windows-x86_64, r-patched-linux-x86_64, r-release-linux-x86_64, r-release-macos-arm64, r-release-macos-x86_64, r-release-windows-x86_64, r-oldrel-macos-arm64, r-oldrel-macos-x86_64, r-oldrel-windows-ix86+x86_64
Version: 1.5.6.70
Check: installed package size
Result: NOTE
installed size is 8.3Mb
sub-directories of 1Mb or more:
libs 7.9Mb
Flavors: r-devel-linux-x86_64-fedora-clang, r-devel-windows-x86_64, r-release-macos-arm64, r-release-macos-x86_64, r-release-windows-x86_64, r-oldrel-macos-arm64, r-oldrel-macos-x86_64, r-oldrel-windows-ix86+x86_64
Version: 1.5.6.70
Check: dependencies in R code
Result: NOTE
Namespace in Imports field not imported from: ‘RcppParallel’
All declared Imports should be used.
Flavors: r-devel-linux-x86_64-fedora-clang, r-devel-linux-x86_64-fedora-gcc, r-release-macos-arm64, r-release-macos-x86_64, r-oldrel-macos-arm64, r-oldrel-macos-x86_64