CRAN Package Check Results for Package promethee123

Last updated on 2024-05-18 15:48:29 CEST.

Flavor Version Tinstall Tcheck Ttotal Status Flags
r-devel-linux-x86_64-debian-clang 0.1.0 6.22 49.43 55.65 NOTE
r-devel-linux-x86_64-debian-gcc 0.1.0 3.84 37.48 41.32 NOTE
r-devel-linux-x86_64-fedora-clang 0.1.0 67.76 NOTE
r-devel-linux-x86_64-fedora-gcc 0.1.0 94.78 NOTE
r-devel-windows-x86_64 0.1.0 6.00 55.00 61.00 NOTE
r-patched-linux-x86_64 0.1.0 3.62 46.59 50.21 NOTE
r-release-linux-x86_64 0.1.0 3.34 47.83 51.17 NOTE
r-release-macos-arm64 0.1.0 23.00 NOTE
r-release-windows-x86_64 0.1.0 6.00 58.00 64.00 NOTE
r-oldrel-macos-arm64 0.1.0 28.00 NOTE
r-oldrel-macos-x86_64 0.1.0 35.00 NOTE
r-oldrel-windows-x86_64 0.1.0 8.00 65.00 73.00 NOTE

Check Details

Version: 0.1.0
Check: LazyData
Result: NOTE 'LazyData' is specified without a 'data' directory Flavors: r-devel-linux-x86_64-debian-clang, r-devel-linux-x86_64-debian-gcc, r-devel-linux-x86_64-fedora-clang, r-devel-linux-x86_64-fedora-gcc, r-devel-windows-x86_64, r-patched-linux-x86_64, r-release-linux-x86_64, r-release-macos-arm64, r-release-windows-x86_64, r-oldrel-macos-arm64, r-oldrel-macos-x86_64, r-oldrel-windows-x86_64