CRAN Package Check Results for Package protag

Last updated on 2022-05-19 11:54:26 CEST.

Flavor Version Tinstall Tcheck Ttotal Status Flags
r-devel-linux-x86_64-debian-clang 1.0.0 6.92 90.11 97.03 OK
r-devel-linux-x86_64-debian-gcc 1.0.0 4.46 66.61 71.07 OK
r-devel-linux-x86_64-fedora-clang 1.0.0 112.48 NOTE
r-devel-linux-x86_64-fedora-gcc 1.0.0 109.26 NOTE
r-devel-windows-x86_64 1.0.0 14.00 100.00 114.00 OK
r-patched-linux-x86_64 1.0.0 4.80 83.25 88.05 OK
r-release-linux-x86_64 1.0.0 4.28 82.69 86.97 OK
r-release-macos-arm64 1.0.0 28.00 NOTE
r-release-macos-x86_64 1.0.0 54.00 NOTE
r-release-windows-x86_64 1.0.0 16.00 101.00 117.00 OK
r-oldrel-macos-arm64 1.0.0 33.00 NOTE
r-oldrel-macos-x86_64 1.0.0 47.00 NOTE
r-oldrel-windows-ix86+x86_64 1.0.0 15.00 100.00 115.00 OK

Check Details

Version: 1.0.0
Check: dependencies in R code
Result: NOTE
    Namespaces in Imports field not imported from:
     ‘RColorBrewer’ ‘grDevices’
     All declared Imports should be used.
Flavors: r-devel-linux-x86_64-fedora-clang, r-devel-linux-x86_64-fedora-gcc, r-release-macos-arm64, r-release-macos-x86_64, r-oldrel-macos-arm64, r-oldrel-macos-x86_64