Last updated on 2022-05-16 15:53:21 CEST.
Flavor | Version | Tinstall | Tcheck | Ttotal | Status | Flags |
---|---|---|---|---|---|---|
r-devel-linux-x86_64-debian-clang | 1.0.1 | 4.02 | 64.73 | 68.75 | NOTE | |
r-devel-linux-x86_64-debian-gcc | 1.0.1 | 2.76 | 48.89 | 51.65 | NOTE | |
r-devel-linux-x86_64-fedora-clang | 1.0.1 | 82.48 | NOTE | |||
r-devel-linux-x86_64-fedora-gcc | 1.0.1 | 80.19 | NOTE | |||
r-devel-windows-x86_64 | 1.0.1 | 46.00 | 92.00 | 138.00 | NOTE | |
r-patched-linux-x86_64 | 1.0.1 | 4.58 | 62.59 | 67.17 | NOTE | |
r-release-linux-x86_64 | 1.0.1 | 3.29 | 63.15 | 66.44 | NOTE | |
r-release-macos-arm64 | 1.0.1 | 26.00 | NOTE | |||
r-release-macos-x86_64 | 1.0.1 | 35.00 | NOTE | |||
r-release-windows-x86_64 | 1.0.1 | 48.00 | 104.00 | 152.00 | NOTE | |
r-oldrel-macos-arm64 | 1.0.1 | 30.00 | NOTE | |||
r-oldrel-macos-x86_64 | 1.0.1 | 50.00 | NOTE | |||
r-oldrel-windows-ix86+x86_64 | 1.0.1 | 9.00 | 82.00 | 91.00 | NOTE |
Version: 1.0.1
Check: package dependencies
Result: NOTE
Packages suggested but not available for checking: 'rdtLite', 'rdt'
Flavors: r-devel-linux-x86_64-debian-clang, r-devel-linux-x86_64-debian-gcc, r-devel-linux-x86_64-fedora-clang, r-devel-linux-x86_64-fedora-gcc, r-patched-linux-x86_64, r-release-linux-x86_64, r-release-macos-x86_64
Version: 1.0.1
Check: package dependencies
Result: NOTE
Package suggested but not available for checking: 'rdt'
Flavors: r-devel-windows-x86_64, r-release-macos-arm64, r-release-windows-x86_64, r-oldrel-macos-arm64, r-oldrel-macos-x86_64, r-oldrel-windows-ix86+x86_64