CRAN Package Check Results for Package provTraceR

Last updated on 2022-05-16 23:55:39 CEST.

Flavor Version Tinstall Tcheck Ttotal Status Flags
r-devel-linux-x86_64-debian-clang 1.0 2.66 37.24 39.90 NOTE
r-devel-linux-x86_64-debian-gcc 1.0 2.08 28.46 30.54 NOTE
r-devel-linux-x86_64-fedora-clang 1.0 47.31 NOTE
r-devel-linux-x86_64-fedora-gcc 1.0 46.00 NOTE
r-devel-windows-x86_64 1.0 27.00 56.00 83.00 NOTE
r-patched-linux-x86_64 1.0 2.72 34.92 37.64 NOTE
r-release-linux-x86_64 1.0 2.71 35.58 38.29 NOTE
r-release-macos-arm64 1.0 17.00 NOTE
r-release-macos-x86_64 1.0 25.00 NOTE
r-release-windows-x86_64 1.0 28.00 60.00 88.00 NOTE
r-oldrel-macos-arm64 1.0 21.00 NOTE
r-oldrel-macos-x86_64 1.0 29.00 NOTE
r-oldrel-windows-ix86+x86_64 1.0 6.00 48.00 54.00 NOTE

Check Details

Version: 1.0
Check: package dependencies
Result: NOTE
    Packages suggested but not available for checking: 'rdt', 'rdtLite'
Flavors: r-devel-linux-x86_64-debian-clang, r-devel-linux-x86_64-debian-gcc, r-devel-linux-x86_64-fedora-clang, r-devel-linux-x86_64-fedora-gcc, r-patched-linux-x86_64, r-release-linux-x86_64, r-release-macos-x86_64

Version: 1.0
Check: LazyData
Result: NOTE
     'LazyData' is specified without a 'data' directory
Flavors: r-devel-linux-x86_64-debian-clang, r-devel-linux-x86_64-debian-gcc, r-devel-linux-x86_64-fedora-clang, r-devel-linux-x86_64-fedora-gcc, r-devel-windows-x86_64, r-patched-linux-x86_64, r-release-linux-x86_64, r-release-macos-arm64, r-release-macos-x86_64, r-release-windows-x86_64, r-oldrel-macos-arm64, r-oldrel-macos-x86_64, r-oldrel-windows-ix86+x86_64

Version: 1.0
Check: package dependencies
Result: NOTE
    Package suggested but not available for checking: 'rdt'
Flavors: r-devel-windows-x86_64, r-release-macos-arm64, r-release-windows-x86_64, r-oldrel-macos-arm64, r-oldrel-macos-x86_64, r-oldrel-windows-ix86+x86_64