Last updated on 2022-05-29 08:54:10 CEST.
Flavor | Version | Tinstall | Tcheck | Ttotal | Status | Flags |
---|---|---|---|---|---|---|
r-devel-linux-x86_64-debian-clang | 2.1.1 | 43.65 | 111.02 | 154.67 | OK | |
r-devel-linux-x86_64-debian-gcc | 2.1.1 | 36.71 | 83.97 | 120.68 | OK | |
r-devel-linux-x86_64-fedora-clang | 2.1.1 | 210.88 | OK | |||
r-devel-linux-x86_64-fedora-gcc | 2.1.1 | 183.29 | OK | |||
r-devel-windows-x86_64 | 2.1.1 | 69.00 | 164.00 | 233.00 | OK | |
r-patched-linux-x86_64 | 2.1.1 | 41.47 | 108.52 | 149.99 | OK | |
r-release-linux-x86_64 | 2.1.1 | 37.43 | 106.80 | 144.23 | OK | |
r-release-macos-arm64 | 2.1.1 | 65.00 | NOTE | |||
r-release-macos-x86_64 | 2.1.1 | 81.00 | NOTE | |||
r-release-windows-x86_64 | 2.1.1 | 72.00 | 167.00 | 239.00 | OK | |
r-oldrel-macos-arm64 | 2.1.1 | 56.00 | NOTE | |||
r-oldrel-macos-x86_64 | 2.1.1 | 87.00 | NOTE | |||
r-oldrel-windows-ix86+x86_64 | 2.1.1 | 111.00 | 523.00 | 634.00 | OK |
Version: 2.1.1
Check: installed package size
Result: NOTE
installed size is 5.2Mb
sub-directories of 1Mb or more:
doc 1.5Mb
libs 3.0Mb
Flavors: r-release-macos-arm64, r-release-macos-x86_64, r-oldrel-macos-arm64, r-oldrel-macos-x86_64