CRAN Package Check Results for Package pssmooth

Last updated on 2022-05-28 07:06:01 CEST.

Flavor Version Tinstall Tcheck Ttotal Status Flags
r-devel-linux-x86_64-debian-clang 1.0.3 11.56 126.06 137.62 NOTE
r-devel-linux-x86_64-debian-gcc 1.0.3 8.63 93.36 101.99 NOTE
r-devel-linux-x86_64-fedora-clang 1.0.3 160.42 NOTE
r-devel-linux-x86_64-fedora-gcc 1.0.3 150.03 NOTE
r-devel-windows-x86_64 1.0.3 19.00 134.00 153.00 NOTE
r-patched-linux-x86_64 1.0.3 11.60 118.19 129.79 NOTE
r-release-linux-x86_64 1.0.3 10.74 117.64 128.38 NOTE
r-release-macos-arm64 1.0.3 56.00 NOTE
r-release-macos-x86_64 1.0.3 74.00 NOTE
r-release-windows-x86_64 1.0.3 22.00 133.00 155.00 NOTE
r-oldrel-macos-arm64 1.0.3 53.00 NOTE
r-oldrel-macos-x86_64 1.0.3 88.00 NOTE
r-oldrel-windows-ix86+x86_64 1.0.3 26.00 130.00 156.00 NOTE

Check Details

Version: 1.0.3
Check: LazyData
Result: NOTE
     'LazyData' is specified without a 'data' directory
Flavors: r-devel-linux-x86_64-debian-clang, r-devel-linux-x86_64-debian-gcc, r-devel-linux-x86_64-fedora-clang, r-devel-linux-x86_64-fedora-gcc, r-devel-windows-x86_64, r-patched-linux-x86_64, r-release-linux-x86_64, r-release-macos-arm64, r-release-macos-x86_64, r-release-windows-x86_64, r-oldrel-macos-arm64, r-oldrel-macos-x86_64, r-oldrel-windows-ix86+x86_64