CRAN Package Check Results for Package psychonetrics

Last updated on 2022-05-29 10:54:14 CEST.

Flavor Version Tinstall Tcheck Ttotal Status Flags
r-devel-linux-x86_64-debian-clang 0.10 901.02 233.87 1134.89 OK
r-devel-linux-x86_64-debian-gcc 0.10 717.17 172.27 889.44 OK
r-devel-linux-x86_64-fedora-clang 0.10 1869.29 NOTE
r-devel-linux-x86_64-fedora-gcc 0.10 1594.76 OK
r-devel-windows-x86_64 0.10 912.00 257.00 1169.00 OK
r-patched-linux-x86_64 0.10 791.33 228.12 1019.45 OK
r-release-linux-x86_64 0.10 811.04 217.14 1028.18 OK
r-release-macos-arm64 0.10 335.00 NOTE
r-release-macos-x86_64 0.10 498.00 NOTE
r-release-windows-x86_64 0.10 903.00 257.00 1160.00 OK
r-oldrel-macos-arm64 0.10 322.00 NOTE
r-oldrel-macos-x86_64 0.10 435.00 NOTE
r-oldrel-windows-ix86+x86_64 0.10 1788.00 325.00 2113.00 NOTE

Check Details

Version: 0.10
Check: installed package size
Result: NOTE
     installed size is 28.9Mb
     sub-directories of 1Mb or more:
     libs 27.8Mb
Flavors: r-devel-linux-x86_64-fedora-clang, r-release-macos-arm64, r-release-macos-x86_64, r-oldrel-macos-arm64, r-oldrel-macos-x86_64, r-oldrel-windows-ix86+x86_64