CRAN Package Check Results for Package psymetadata

Last updated on 2022-05-19 10:55:53 CEST.

Flavor Version Tinstall Tcheck Ttotal Status Flags
r-devel-linux-x86_64-debian-clang 1.0.1 2.52 33.15 35.67 OK
r-devel-linux-x86_64-debian-gcc 1.0.1 2.03 25.70 27.73 OK
r-devel-linux-x86_64-fedora-clang 1.0.1 43.65 NOTE
r-devel-linux-x86_64-fedora-gcc 1.0.1 42.46 NOTE
r-devel-windows-x86_64 1.0.1 23.00 48.00 71.00 OK
r-patched-linux-x86_64 1.0.1 3.04 31.66 34.70 OK
r-release-linux-x86_64 1.0.1 2.59 31.54 34.13 OK
r-release-macos-arm64 1.0.1 16.00 NOTE
r-release-macos-x86_64 1.0.1 23.00 NOTE
r-release-windows-x86_64 1.0.1 30.00 49.00 79.00 OK
r-oldrel-macos-arm64 1.0.1 16.00 NOTE
r-oldrel-macos-x86_64 1.0.1 21.00 NOTE
r-oldrel-windows-ix86+x86_64 1.0.1 6.00 40.00 46.00 OK

Check Details

Version: 1.0.1
Check: dependencies in R code
Result: NOTE
    Namespace in Imports field not imported from: ‘Rdpack’
     All declared Imports should be used.
Flavors: r-devel-linux-x86_64-fedora-clang, r-devel-linux-x86_64-fedora-gcc, r-release-macos-arm64, r-release-macos-x86_64, r-oldrel-macos-arm64, r-oldrel-macos-x86_64

Version: 1.0.1
Check: data for non-ASCII characters
Result: NOTE
     Note: found 107 marked UTF-8 strings
Flavors: r-devel-linux-x86_64-fedora-clang, r-devel-linux-x86_64-fedora-gcc, r-release-macos-arm64, r-release-macos-x86_64, r-oldrel-macos-arm64, r-oldrel-macos-x86_64