Last updated on 2022-06-30 02:52:32 CEST.
Flavor | Version | Tinstall | Tcheck | Ttotal | Status | Flags |
---|---|---|---|---|---|---|
r-devel-linux-x86_64-debian-clang | 2.8 | 8.19 | 26.63 | 34.82 | OK | |
r-devel-linux-x86_64-debian-gcc | 2.8 | 5.91 | 21.44 | 27.35 | OK | |
r-devel-linux-x86_64-fedora-clang | 2.8 | 58.53 | NOTE | |||
r-devel-linux-x86_64-fedora-gcc | 2.8 | 54.95 | NOTE | |||
r-devel-windows-x86_64 | 2.8 | 26.00 | 73.00 | 99.00 | OK | |
r-patched-linux-x86_64 | 2.8 | 8.42 | 27.74 | 36.16 | OK | |
r-release-linux-x86_64 | 2.8 | 6.53 | 28.40 | 34.93 | OK | |
r-release-macos-arm64 | 2.8 | 23.00 | OK | |||
r-release-macos-x86_64 | 2.8 | 30.00 | OK | |||
r-release-windows-x86_64 | 2.8 | 19.00 | 68.00 | 87.00 | OK | |
r-oldrel-macos-arm64 | 2.8 | 35.00 | OK | |||
r-oldrel-macos-x86_64 | 2.8 | 43.00 | OK | |||
r-oldrel-windows-ix86+x86_64 | 2.8 | 21.00 | 70.00 | 91.00 | OK |
Version: 2.8
Check: compiled code
Result: NOTE
File ‘ptinpoly/libs/ptinpoly.so’:
Found no calls to: ‘R_registerRoutines’, ‘R_useDynamicSymbols’
It is good practice to register native routines and to disable symbol
search.
See ‘Writing portable packages’ in the ‘Writing R Extensions’ manual.
Flavors: r-devel-linux-x86_64-fedora-clang, r-devel-linux-x86_64-fedora-gcc